{"id":10592,"date":"2017-12-17T19:17:02","date_gmt":"2017-12-17T18:17:02","guid":{"rendered":"https:\/\/www.moelan-a-vent.fr\/?page_id=10592"},"modified":"2024-02-24T09:01:50","modified_gmt":"2024-02-24T08:01:50","slug":"janvier-decembre-2018","status":"publish","type":"page","link":"https:\/\/www.moelan-a-vent.fr\/?page_id=10592","title":{"rendered":"Janvier-d\u00e9cembre 2018"},"content":{"rendered":"<p><strong><span style=\"color: #33cccc;\">Mardi 18 d\u00e9cembre<\/span><\/strong> :&nbsp;animation par le groupe trad&rsquo; de la soir\u00e9e danses-loisirs \u00e0 <span style=\"color: #ff9900;\">Guidel<br \/>\n<\/span><span style=\"color: #33cccc;\"><strong>Lundi 17 d\u00e9cembre<\/strong><\/span> :&nbsp;animation du go\u00fbter-cadeaux de la commune \u00e0 la maison de retraite de <span style=\"color: #ff6600;\">Mo\u00eblan<br \/>\n<\/span><span style=\"color: #33cccc;\"><strong>Vendredi 14 d\u00e9cembre<\/strong><\/span> : animation du go\u00fbter \u00e0 l&rsquo;accueil de jour \u00e0 <span style=\"color: #ff6600;\">Mo\u00eblan<\/span><br \/>\n<span style=\"color: #33cccc;\"><strong>Vendredi 7 d\u00e9cembre<\/strong><\/span>&nbsp;: animation par le groupe trad\u2019 du fest-noz organis\u00e9 \u00e0 <span style=\"color: #ff6600;\">Mo\u00eblan<\/span> (Ellipse) dans le cadre du T\u00e9l\u00e9thon.<br \/>\n<span style=\"color: #33cccc;\"><strong>Lundi 19 novembre<\/strong><\/span> :&nbsp;animation \u00e0 la maison de retraite \u00ab&nbsp;Les Brisants&nbsp;\u00bb \u00e0 <span style=\"color: #ff6600;\">Concarneau.<br \/>\n<\/span><span style=\"color: #33cccc;\"><strong>Dimanche 18 novembre<\/strong><\/span> : animation par le groupe trad&rsquo; du fest deiz dans le cadre du T\u00e9l\u00e9thon de <span style=\"color: #ff6600;\">N\u00e9vez<\/span><br \/>\n<span style=\"color: #ff6600;\"><strong><span style=\"color: #33cccc;\">Samedi 20 octobre<\/span> : NOS&nbsp;10 ANS A L&rsquo;ELLIPSE !<\/strong><br \/>\n<\/span><a href=\"https:\/\/www.moelan-a-vent.fr\/wp-content\/uploads\/2018\/09\/Affiche-10-ans.jpg\"><img loading=\"lazy\" decoding=\"async\" class=\"wp-image-11092 aligncenter\" src=\"https:\/\/www.moelan-a-vent.fr\/wp-content\/uploads\/2018\/09\/Affiche-10-ans.jpg\" alt=\"\" width=\"254\" height=\"359\"><\/a>13h30 \u00e0 18 h&nbsp; : rencontre d&rsquo;accord\u00e9onistes (accord\u00e9on, kan ha diskan, chants de marins&#8230;)<br \/>\n21h : fest-noz avec \u00ab\u00a0Mo\u00eblan-\u00e0-vent\u00a0\u00bb, Kastelodenn\u00a0\u00bb, \u00ab\u00a0Guigo\/Conan\u00a0\u00bb, \u00ab\u00a0Carr\u00e9 Manchot\u00a0\u00bb<br \/>\n<span style=\"color: #33cccc;\"><strong>Samedi 6 octobre<\/strong><\/span> : groupe trad&rsquo; : participation \u00e0 l&rsquo;animation musicale du fest-noz de Chenc&rsquo;h tu \u00e0 <span style=\"color: #ff9900;\">Clohars- Carno\u00ebt<br \/>\n<\/span><span style=\"color: #33cccc;\"><strong>Dimanche 30 septembre<\/strong> <\/span>: animation musicale aux \u00ab\u00a0Virades de l&rsquo;espoir\u00a0\u00bb (circuit des marcheurs) \u00e0 <span style=\"color: #ff9900;\">Mo\u00eblan-sur-mer<\/span><br \/>\n<span style=\"color: #33cccc;\"><strong>Samedi 29 septembre&nbsp;<\/strong><\/span>: festival \u00ab&nbsp;Boest an diaoul&nbsp;\u00bb, soir\u00e9e garages&nbsp;\u00e0 <span style=\"color: #ff9900;\">Clohars-Carno\u00ebt<\/span> (village de Kerantroadec)&nbsp;<br \/>\n<span style=\"color: #33cccc;\"><strong>Vendredi 28 septembre<\/strong><\/span> :&nbsp;animation par le groupe trad&rsquo; du fest noz \u00e0 <span style=\"color: #ff9900;\">Locunol\u00e9.<\/span><br \/>\n<span style=\"color: #33cccc;\"><strong>Mardi 28 ao\u00fbt<\/strong><\/span>&nbsp;:&nbsp;animation sur le march\u00e9 de <span style=\"color: #ff9900;\">Mo\u00eblan-sur-mer<\/span><br \/>\n<span style=\"color: #33cccc;\"><strong>Mardi 21 ao\u00fbt<\/strong><\/span>&nbsp;:&nbsp;animation sur le march\u00e9 de <span style=\"color: #ff9900;\">Mo\u00eblan-sur-mer<br \/>\n<\/span><span style=\"color: #33cccc;\"><strong>Dimanche 12 ao\u00fbt<\/strong><\/span> : animation des 7\u00e8mes Puces de mer l&rsquo;APUB&nbsp;<span style=\"color: #ff9900;\">sur le port du B\u00e9lon&nbsp;<\/span><br \/>\n<span style=\"color: #33cccc;\"><strong>Mardi 7 ao\u00fbt<\/strong><\/span>&nbsp;:&nbsp;animation sur le march\u00e9 de <span style=\"color: #ff9900;\">Mo\u00eblan-sur-mer&nbsp;<\/span><br \/>\n<span style=\"color: #33cccc;\"><strong>Vendredi 3 ao\u00fbt<\/strong><\/span> : animation pour le vernissage de l\u2019exposition organis\u00e9e par l\u2019association des plaisanciers du Belon \u00e0 la cale de <span style=\"color: #ff9900;\">Beg Porz<br \/>\n<\/span><span style=\"color: #33cccc;\"><strong>Mardi 31 juillet<\/strong><\/span>&nbsp;:&nbsp;animation sur le march\u00e9 de <span style=\"color: #ff9900;\">Mo\u00eblan-sur-mer<\/span><br \/>\n<span style=\"color: #33cccc;\"><strong>Jeudi 26 juillet<\/strong><\/span> : &nbsp;<em>Brigneau digue en f\u00eate :&nbsp;<\/em>arriv\u00e9e des vieux gr\u00e9ements l\u2019apr\u00e8s-midi, puis fest-noz anim\u00e9 par le groupe trad\u2019 le soir, au port de <span style=\"color: #ff9900;\">Brigneau<\/span>,<span style=\"color: #ff9900;\">&nbsp;(Mo\u00eblan)<br \/>\n<\/span><span style=\"color: #ff9900;\"><a href=\"https:\/\/www.letelegramme.fr\/finistere\/moelan-sur-mer\/digue-en-fete-sous-le-soleil-de-brigneau-27-07-2018-12038627.php\">Le T\u00e9l\u00e9gramme, 28 juillet 2018<\/a><br \/>\n<\/span><span style=\"color: #33cccc;\"><strong>Mercredi 25 juillet<\/strong><\/span> : animation de l&rsquo;initiation aux danses bretonnes sur le march\u00e9 du <span style=\"color: #ff9900;\">Pouldu.<\/span><br \/>\n<span style=\"color: #ff9900;\"><span style=\"color: #33cccc;\"><strong>Mardi 24 juillet<\/strong><\/span> :&nbsp;<\/span>animation sur le march\u00e9 de <span style=\"color: #ff9900;\">Mo\u00eblan-sur-mer<\/span><br \/>\n<span style=\"color: #ff9900;\"><span style=\"color: #33cccc;\"><strong>Mardi 17 juillet<\/strong><\/span> :&nbsp;<\/span>animation sur le march\u00e9 de<span style=\"color: #ff9900;\"> Mo\u00eblan-sur-mer<br \/>\n<\/span><span style=\"color: #33cccc;\"><strong>Vendredi 13 juillet<\/strong><\/span> :&nbsp;animation pour le vernissage de l\u2019exposition organis\u00e9e par l\u2019association des plaisanciers du Belon \u00e0 la cale de <span style=\"color: #ff9900;\">Beg Porz.<\/span><br \/>\n<span style=\"color: #33cccc;\"><strong>Mardi 10 juillet<\/strong><\/span> :&nbsp;animation sur le march\u00e9 de <span style=\"color: #ff9900;\">Mo\u00eblan-sur-mer<\/span><br \/>\n<strong><span style=\"color: #33cccc;\">Vendredi 29 juin<\/span><\/strong> : \u00e0 partir de 18h, soir\u00e9e pique-nique \u00e0 <span style=\"color: #ff9900;\">Kernault (Mellac)<\/span>, \u00e0 l&rsquo;invitation de \u00ab\u00a0Mell&rsquo;accord\u00e9on\u00a0\u00bb<br \/>\n<span style=\"color: #33cccc;\"><strong>Mardi 26 juin<\/strong> <\/span>:&nbsp; 20 h, animation par le groupe trad&rsquo; de la soir\u00e9e danses-loisirs \u00e0 <span style=\"color: #ff9900;\">Guidel<br \/>\n<\/span><span style=\"color: #33cccc;\"><strong>Samedi 23 juin<\/strong><\/span> : 21 h Fest noz sur le port de <span style=\"color: #ff9900;\">Brigneau<\/span> <span style=\"color: #ff9900;\">(Mo\u00eblan)<\/span>, dans le cadre de la f\u00eate de la musique.avec :&nbsp; Mo\u00eblan \u00e0 Vent, Marie-Do et Ma\u00eblle, Lagadenn et Chench&rsquo;Tu<a href=\"https:\/\/www.moelan-a-vent.fr\/wp-content\/uploads\/2018\/06\/Le-T\u00e9l\u00e9gramme-26-06-2018.jpg\"><img loading=\"lazy\" decoding=\"async\" class=\"size-full wp-image-10997 aligncenter\" src=\"https:\/\/www.moelan-a-vent.fr\/wp-content\/uploads\/2018\/06\/Le-T\u00e9l\u00e9gramme-26-06-2018.jpg\" alt=\"\" width=\"378\" height=\"262\"><\/a>Photo<em>&nbsp;Le T\u00e9l\u00e9gramme<\/em> , 26 juin<br \/>\n<strong><span style=\"color: #33cccc;\">Samedi 23 juin<\/span><\/strong> : 17 h 30 concert \u00e0 la chapelle Saint-Philibert de <span style=\"color: #ff9900;\">Mo\u00eblan<\/span><br \/>\n<a href=\"https:\/\/www.facebook.com\/MairiedeMoelansurMer\/videos\/vb.583731928459020\/1022001347965407\/?type=2&amp;theater\"> \u00ab\u00a0The last rose\u00a0\u00bb \u00e0 Saint Philibert <\/a><br \/>\n<span style=\"color: #33cccc;\"><strong>Vendredi 22 juin<\/strong><\/span> : pause-musicale de la \u00ab\u00a0rando. gourmande\u00a0\u00bb organis\u00e9e par l&rsquo;Amicale la\u00efque de <span style=\"color: #ff9900;\">Clohars-Carno\u00ebt<\/span>.<br \/>\n<span style=\"color: #33cccc;\"><strong>Jeudi 21 juin<\/strong><\/span> : animations \u00e0 <span style=\"color: #ff9900;\">Mo\u00eblan<\/span> dans le cadre de la f\u00eate de la musique :<br \/>\n17h30 : cin\u00e9ma Le Kerfany<br \/>\n18h30 : devant le bar \u00ab\u00a0aux 3B\u00a0\u00bb<br \/>\nfin d&rsquo;apr\u00e8s-midi et d\u00e9but de soir\u00e9e : \u00ab\u00a0bar des \u00eeles\u00a0\u00bb, \u00e0 Tr\u00e9nez.&nbsp;<br \/>\n<strong><span style=\"color: #33cccc;\">Jeudi 21 juin<\/span><\/strong>:&nbsp; animation \u00e0 la maison de retraite \u00ab\u00a0Bois-Joly\u00a0\u00bb de <span style=\"color: #ff9900;\">Quimperl\u00e9<\/span>, dans le cadre de la f\u00eate de la musique.<br \/>\n<span style=\"color: #33cccc;\"><strong>Dimanche 17 juin<\/strong><\/span> : animation \u00e0 la kermesse des \u00e9coles et coll\u00e8ge de <span style=\"color: #ff9900;\">Mo\u00eblan. <\/span>(annulation \u00e0 cause de la pluie)<br \/>\n<span style=\"color: #33cccc;\"><strong>Dimanche 27 mai<\/strong><\/span> : animation de&nbsp; \u00a0\u00bb&nbsp;<span style=\"color: #ff9900;\">Mo\u00eblan<\/span> <span style=\"color: #ff9900;\">sur trail&nbsp;<\/span>\u00a0\u00bb organis\u00e9 par \u00ab\u00a0Courir \u00e0 Mo\u00eblan\u00a0\u00bb<br \/>\n<span style=\"color: #33cccc;\"><strong>Mardi 22 mai<\/strong><\/span> :&nbsp;animation \u00e0 la maison de retraite \u00ab\u00a0Au Ch\u00eane\u00a0\u00bb de <span style=\"color: #ff6600;\"><span style=\"color: #ff9900;\">Sca\u00ebr<br \/>\n<\/span><\/span><span style=\"color: #33cccc;\"><strong>Samedi 5 mai<\/strong><\/span> : rencontre diatonique \u00e0 <span style=\"color: #ff9900;\">N\u00e9vez<\/span> \u00e0 l&rsquo;invitation de \u00ab\u00a0Courant d&rsquo;air\u00a0\u00bb de Pont-Aven (photo: \u00ab\u00a0le T\u00e9l\u00e9gramme\u00a0\u00bb)<\/p>\n<p><a href=\"https:\/\/www.moelan-a-vent.fr\/wp-content\/uploads\/2018\/05\/N\u00e9vez-5-mai-2018.jpg\"><img loading=\"lazy\" decoding=\"async\" class=\"alignleft wp-image-10903\" src=\"https:\/\/www.moelan-a-vent.fr\/wp-content\/uploads\/2018\/05\/N\u00e9vez-5-mai-2018.jpg\" alt=\"\" width=\"534\" height=\"387\"><\/a><\/p>\n<p>&nbsp;<\/p>\n<p>&nbsp;<\/p>\n<p>&nbsp;<\/p>\n<p>&nbsp;<\/p>\n<p>&nbsp;<\/p>\n<p>&nbsp;<\/p>\n<p>&nbsp;<\/p>\n<p>&nbsp;<\/p>\n<p>&nbsp;<\/p>\n<p><span style=\"color: #33cccc;\"><strong>Jeudi 5 mai<\/strong><\/span>&nbsp;:&nbsp;stage de perfectionnement avec Yvon Hervo<br \/>\n<span style=\"color: #33cccc;\"><strong>Jeudi 26 avril<\/strong><\/span> :&nbsp;stage de perfectionnement avec Yvon Hervo<br \/>\n<strong><span style=\"color: #33cccc;\">Mardi 24 avril<\/span><\/strong> : 20h 30, animation par le groupe trad&rsquo; de la soir\u00e9e danses-loisirs \u00e0 <span style=\"color: #ff9900;\">Guidel<br \/>\n<\/span><span style=\"color: #33cccc;\"><strong>Samedi 21 avril<\/strong><\/span> : animation du 3\u00e8me vide-jardins organis\u00e9 par la soci\u00e9t\u00e9 d&rsquo;horticulture de <span style=\"color: #ff9900;\">Quimperl\u00e9<\/span><br \/>\n<strong><span style=\"color: #33cccc;\">Mercredi 11 avril<\/span><\/strong> :&nbsp;animation \u00e0 la maison de retraite <em>Les Brisants<\/em>, \u00e0 <span style=\"color: #ff9900;\">Concarneau<\/span>.<br \/>\n<span style=\"color: #33cccc;\"><strong>Dimanche 8 avril<\/strong><\/span> : accueil des participants \u00e0 l&rsquo;assembl\u00e9e g\u00e9n\u00e9rale de l&rsquo; Union d\u00e9partementale des associations pour le \u00ab\u00a0Don du sang b\u00e9n\u00e9vole\u00a0\u00bb, au centre de Beg-Porz <span style=\"color: #ff9900;\">(Mo\u00eblan)<br \/>\n<\/span><span style=\"color: #33cccc;\"><strong>Samedi 7 avril<\/strong><\/span> : rencontre sur invitation de <em>Courants d&rsquo;air<\/em>, espace \u00ab\u00a0Saint-Eloi\u00a0\u00bb \u00e0 <span style=\"color: #ff9900;\">Qu\u00e9ven<br \/>\n<\/span><span style=\"color: #33cccc;\"><strong>Vendredi 6 avril<\/strong><\/span> : animation \u00e0 l&rsquo;\u00e9cole maternelle de <span style=\"color: #ff9900;\">Kergro\u00ebs (Mo\u00eblan)<\/span><br \/>\n<span style=\"color: #33cccc;\"><strong>Vendredi 16 mars<\/strong> <\/span>:&nbsp;animation par le groupe trad&rsquo; de la soir\u00e9e danses-loisirs \u00e0 <span style=\"color: #ff9900;\">N\u00e9vez<\/span><br \/>\n<span style=\"color: #33cccc;\"><strong>Mercredi 14 Mars :<\/strong><\/span> animation \u00e0 la maison de retraite de <span style=\"color: #ff9900;\">Pont-Aven<\/span><br \/>\n<span style=\"color: #33cccc;\"><strong>Vendredi 23 f\u00e9vrier<\/strong><\/span> : soir\u00e9e rencontre diato-cr\u00eapes sur invitation de <em>Bol d&rsquo;Air,<\/em>&nbsp;de <span style=\"color: #ff9900;\">Quimperl\u00e9<\/span><br \/>\n<span style=\"color: #33cccc;\"><strong>Mardi 20 f\u00e9vrier<\/strong><\/span> :&nbsp;animation \u00e0 la maison de retraite <em>Tal ar mor<\/em> \u00e0 <span style=\"color: #ff9900;\">Mo\u00eblan<\/span> (rencontre Mo\u00eblan-Bois-Joly)<br \/>\n<span style=\"color: #33cccc;\"><strong>Mardi 13 f\u00e9vrier<\/strong><\/span> :&nbsp;animation \u00e0 la maison de retraite&nbsp;<em>Avel-Mor<\/em>, \u00e0 <span style=\"color: #ff9900;\">Concarneau<br \/>\n<\/span><span style=\"color: #33cccc;\"><strong>Lundi 12 f\u00e9vrier<\/strong><\/span> :&nbsp;animation par le groupe trad&rsquo; de la soir\u00e9e danses-loisirs \u00e0 <span style=\"color: #ff9900;\">Baye<\/span><br \/>\n<span style=\"color: #33cccc;\"><strong>Jeudi 25 janvier<\/strong> <\/span>: animation du go\u00fbter des anciens de <span style=\"color: #ff9900;\">Clohars-Carno\u00ebt<\/span><br \/>\n<span style=\"color: #33cccc;\"><strong>Mardi 23 janvier<\/strong><\/span> : animation par le groupe trad&rsquo; de la soir\u00e9e danses-loisirs \u00e0 <span style=\"color: #ff9900;\">Riec<\/span><br \/>\n<strong style=\"color: #33cccc;\">Mer<\/strong><span style=\"color: #33cccc;\"><strong>credi 17 janvier<\/strong><\/span> :&nbsp;animation \u00e0 la maison de retraite <em>Tal ar mor<\/em> \u00e0 <span style=\"color: #ff9900;\">Mo\u00eblan<\/span><\/p>\n<p>Vous \u00e9coutez la \u00ab\u00a0Polka irlandaise\u00a0\u00bb, par le groupe trad&rsquo;<\/p>\n[audio:https:\/\/www.moelan-a-vent.fr\/wp-content\/uploads\/2018\/02\/Polka-irlandaise.mp3|autostart=yes|loop=yes]\n<p>&nbsp;<\/p>\n","protected":false},"excerpt":{"rendered":"<p>Mardi 18 d\u00e9cembre :&nbsp;animation par le groupe trad&rsquo; de la soir\u00e9e danses-loisirs \u00e0 Guidel Lundi 17 d\u00e9cembre :&nbsp;animation du go\u00fbter-cadeaux de la commune \u00e0 la maison de retraite de Mo\u00eblan Vendredi 14 d\u00e9cembre : animation du go\u00fbter \u00e0 l&rsquo;accueil de &hellip; <a href=\"https:\/\/www.moelan-a-vent.fr\/?page_id=10592\">Continuer la lecture <span class=\"meta-nav\">&rarr;<\/span><\/a><\/p>\n","protected":false},"author":9,"featured_media":10593,"parent":23,"menu_order":14,"comment_status":"closed","ping_status":"closed","template":"","meta":{"ngg_post_thumbnail":0,"footnotes":""},"class_list":["post-10592","page","type-page","status-publish","has-post-thumbnail","hentry"],"_links":{"self":[{"href":"https:\/\/www.moelan-a-vent.fr\/index.php?rest_route=\/wp\/v2\/pages\/10592","targetHints":{"allow":["GET"]}}],"collection":[{"href":"https:\/\/www.moelan-a-vent.fr\/index.php?rest_route=\/wp\/v2\/pages"}],"about":[{"href":"https:\/\/www.moelan-a-vent.fr\/index.php?rest_route=\/wp\/v2\/types\/page"}],"author":[{"embeddable":true,"href":"https:\/\/www.moelan-a-vent.fr\/index.php?rest_route=\/wp\/v2\/users\/9"}],"replies":[{"embeddable":true,"href":"https:\/\/www.moelan-a-vent.fr\/index.php?rest_route=%2Fwp%2Fv2%2Fcomments&post=10592"}],"version-history":[{"count":98,"href":"https:\/\/www.moelan-a-vent.fr\/index.php?rest_route=\/wp\/v2\/pages\/10592\/revisions"}],"predecessor-version":[{"id":16237,"href":"https:\/\/www.moelan-a-vent.fr\/index.php?rest_route=\/wp\/v2\/pages\/10592\/revisions\/16237"}],"up":[{"embeddable":true,"href":"https:\/\/www.moelan-a-vent.fr\/index.php?rest_route=\/wp\/v2\/pages\/23"}],"wp:featuredmedia":[{"embeddable":true,"href":"https:\/\/www.moelan-a-vent.fr\/index.php?rest_route=\/wp\/v2\/media\/10593"}],"wp:attachment":[{"href":"https:\/\/www.moelan-a-vent.fr\/index.php?rest_route=%2Fwp%2Fv2%2Fmedia&parent=10592"}],"curies":[{"name":"wp","href":"https:\/\/api.w.org\/{rel}","templated":true}]}}