{"id":15835,"date":"2024-02-24T08:54:09","date_gmt":"2024-02-24T07:54:09","guid":{"rendered":"https:\/\/www.moelan-a-vent.fr\/?page_id=15835"},"modified":"2025-12-20T17:40:52","modified_gmt":"2025-12-20T16:40:52","slug":"2024-2","status":"publish","type":"page","link":"https:\/\/www.moelan-a-vent.fr\/?page_id=15835","title":{"rendered":"2024"},"content":{"rendered":"\n<p>R\u00e9p\u00e9tition \u00e0 la MLC jeudi 6 juin<\/p>\n<p><img loading=\"lazy\" decoding=\"async\" class=\"alignnone size-full wp-image-15914\" src=\"https:\/\/www.moelan-a-vent.fr\/wp-content\/uploads\/2024\/07\/Ouest-France-Repetition.jpg\" alt=\"\" width=\"1024\" height=\"508\"><\/p>\n<p>Animation de la Quimperloise dimanche 2 juin 2024<\/p>\n<p><img loading=\"lazy\" decoding=\"async\" class=\"alignnone size-full wp-image-15896\" src=\"https:\/\/www.moelan-a-vent.fr\/wp-content\/uploads\/2024\/06\/La-Quimperloise-1.jpg\" alt=\"\" width=\"872\" height=\"581\"><\/p>\n<p><img loading=\"lazy\" decoding=\"async\" class=\"alignnone size-full wp-image-15903\" src=\"https:\/\/www.moelan-a-vent.fr\/wp-content\/uploads\/2024\/06\/quimperloise2.jpg\" alt=\"\" width=\"810\" height=\"860\"><\/p>\n<p><strong><span style=\"color: #ff00ff;\">Rencontre inter ateliers de diatos \u00e0 N\u00e9vez:17 f\u00e9vrier 2024<\/span><\/strong><\/p>\n\n\n\n<figure class=\"wp-block-image size-large\"><img decoding=\"async\" src=\"https:\/\/www.moelan-a-vent.fr\/wp-content\/uploads\/2024\/02\/photos-14-fev.jpg\" alt=\"\"\/><\/figure>\n","protected":false},"excerpt":{"rendered":"<p>R\u00e9p\u00e9tition \u00e0 la MLC jeudi 6 juin Animation de la Quimperloise dimanche 2 juin 2024 Rencontre inter ateliers de diatos \u00e0 N\u00e9vez:17 f\u00e9vrier 2024<\/p>\n","protected":false},"author":9,"featured_media":0,"parent":139,"menu_order":5,"comment_status":"closed","ping_status":"closed","template":"","meta":{"ngg_post_thumbnail":0,"footnotes":""},"class_list":["post-15835","page","type-page","status-publish","hentry"],"_links":{"self":[{"href":"https:\/\/www.moelan-a-vent.fr\/index.php?rest_route=\/wp\/v2\/pages\/15835","targetHints":{"allow":["GET"]}}],"collection":[{"href":"https:\/\/www.moelan-a-vent.fr\/index.php?rest_route=\/wp\/v2\/pages"}],"about":[{"href":"https:\/\/www.moelan-a-vent.fr\/index.php?rest_route=\/wp\/v2\/types\/page"}],"author":[{"embeddable":true,"href":"https:\/\/www.moelan-a-vent.fr\/index.php?rest_route=\/wp\/v2\/users\/9"}],"replies":[{"embeddable":true,"href":"https:\/\/www.moelan-a-vent.fr\/index.php?rest_route=%2Fwp%2Fv2%2Fcomments&post=15835"}],"version-history":[{"count":11,"href":"https:\/\/www.moelan-a-vent.fr\/index.php?rest_route=\/wp\/v2\/pages\/15835\/revisions"}],"predecessor-version":[{"id":17158,"href":"https:\/\/www.moelan-a-vent.fr\/index.php?rest_route=\/wp\/v2\/pages\/15835\/revisions\/17158"}],"up":[{"embeddable":true,"href":"https:\/\/www.moelan-a-vent.fr\/index.php?rest_route=\/wp\/v2\/pages\/139"}],"wp:attachment":[{"href":"https:\/\/www.moelan-a-vent.fr\/index.php?rest_route=%2Fwp%2Fv2%2Fmedia&parent=15835"}],"curies":[{"name":"wp","href":"https:\/\/api.w.org\/{rel}","templated":true}]}}