{"id":16932,"date":"2025-11-27T09:25:46","date_gmt":"2025-11-27T08:25:46","guid":{"rendered":"https:\/\/www.moelan-a-vent.fr\/?page_id=16932"},"modified":"2026-03-13T09:38:33","modified_gmt":"2026-03-13T08:38:33","slug":"janvier-decembre-2026","status":"publish","type":"page","link":"https:\/\/www.moelan-a-vent.fr\/?page_id=16932","title":{"rendered":"Janvier-d\u00e9cembre 2026"},"content":{"rendered":"\n<ul>\n<li><strong><span style=\"color: #33cccc;\">Week-end 5, 6, 7 juin<\/span><\/strong> : d\u00e9placement \u00e0 <span style=\"color: #ff9900;\">Cancale<\/span> pour la rencontre avec Cantharella<\/li>\n<\/ul>\n<p>&nbsp;<\/p>\n<ul>\n<li><strong><span style=\"color: #33cccc;\">Vendredi 29 mai<\/span><\/strong> : animation \u00e0 l&rsquo;EHPAD de <span style=\"color: #ff9900;\">Concarneau<\/span><\/li>\n<\/ul>\n<p>&nbsp;<\/p>\n<ul>\n<li><strong><span style=\"color: #33cccc;\">Lundi 27 avril<\/span> <\/strong>: animation \u00e0 l&rsquo;EHPAD de <span style=\"color: #ff9900;\">Pont-Aven<\/span><\/li>\n<li><strong><span style=\"color: #33cccc;\">Samedi 25 avril<\/span> <\/strong>: rencontre avec Courant d&rsquo;Air \u00e0 <span style=\"color: #ff9900;\">N\u00e9vez<\/span><\/li>\n<li><strong><span style=\"color: #33cccc;\">Mercredi 22 avril<\/span> <\/strong>: animation \u00e0 l&rsquo;EHPAD de <span style=\"color: #ff9900;\">Bannalec<\/span><\/li>\n<li><strong><span style=\"color: #33cccc;\">Lundi 20 avril<\/span> <\/strong>: dans le cadre de la Semaine des Rias, jeu \u00e0 <span style=\"color: #ff9900;\">Do\u00eblan<\/span> avec la Bande du Rigolo<\/li>\n<li><strong><span style=\"color: #33cccc;\">Vendredi 10 avril<\/span> <\/strong>: animation \u00e0 la R\u00e9sidence Amzer-Zo \u00e0 <span style=\"color: #ff9900;\">Clohars<\/span><\/li>\n<\/ul>\n<p>&nbsp;<\/p>\n<ul>\n<li><span style=\"color: #33cccc;\"><strong>Samedi 28 mars<\/strong><\/span> : rencontre avec Courants d&rsquo;Airs de <span style=\"color: #ff9900;\">Qu\u00e9ven<\/span><\/li>\n<li><strong><span style=\"color: #33cccc;\">Mercredi 11 mars<\/span><\/strong> : animation \u00e0 l&rsquo;EHPAD de <span style=\"color: #ff9900;\">Clohars<\/span><\/li>\n<\/ul>\n<p>&nbsp;<\/p>\n<ul>\n<li><strong><span style=\"color: #33cccc;\">Jeudi 26 f\u00e9vrier<\/span><\/strong> : animation \u00e0 l&rsquo;EHPAD Bois Joly de <span style=\"color: #ff9900;\">Quimperl\u00e9<\/span><\/li>\n<li><strong><span style=\"color: #33cccc;\">Dimanche 15 f\u00e9vrier<\/span><\/strong> : fest-deiz de l&rsquo;association \u00ab\u00a0Mo\u00eblan \u00e0 vent\u00a0\u00bb \u00e0 l&rsquo;Ellipse de <span style=\"color: #ff9900;\">Mo\u00eblan<\/span><\/li>\n<li><strong><span style=\"color: #33cccc;\">Vendredi 6 f\u00e9vrier<\/span><\/strong> : animation \u00e0 l&rsquo;EHPAD de <span style=\"color: #ff9900;\">Concarneau<\/span><\/li>\n<li><strong><span style=\"color: #33cccc;\">Lundi 2 f\u00e9vrier<\/span><\/strong> : animation \u00e0 la r\u00e9sidence Ker\u00e9lys de <span style=\"color: #ff9900;\">Guidel<\/span><\/li>\n<\/ul>\n","protected":false},"excerpt":{"rendered":"<p>Week-end 5, 6, 7 juin : d\u00e9placement \u00e0 Cancale pour la rencontre avec Cantharella &nbsp; Vendredi 29 mai : animation \u00e0 l&rsquo;EHPAD de Concarneau &nbsp; Lundi 27 avril : animation \u00e0 l&rsquo;EHPAD de Pont-Aven Samedi 25 avril : rencontre avec &hellip; <a href=\"https:\/\/www.moelan-a-vent.fr\/?page_id=16932\">Continuer la lecture <span class=\"meta-nav\">&rarr;<\/span><\/a><\/p>\n","protected":false},"author":11,"featured_media":3061,"parent":23,"menu_order":6,"comment_status":"closed","ping_status":"closed","template":"","meta":{"ngg_post_thumbnail":0,"footnotes":""},"class_list":["post-16932","page","type-page","status-publish","has-post-thumbnail","hentry"],"_links":{"self":[{"href":"https:\/\/www.moelan-a-vent.fr\/index.php?rest_route=\/wp\/v2\/pages\/16932","targetHints":{"allow":["GET"]}}],"collection":[{"href":"https:\/\/www.moelan-a-vent.fr\/index.php?rest_route=\/wp\/v2\/pages"}],"about":[{"href":"https:\/\/www.moelan-a-vent.fr\/index.php?rest_route=\/wp\/v2\/types\/page"}],"author":[{"embeddable":true,"href":"https:\/\/www.moelan-a-vent.fr\/index.php?rest_route=\/wp\/v2\/users\/11"}],"replies":[{"embeddable":true,"href":"https:\/\/www.moelan-a-vent.fr\/index.php?rest_route=%2Fwp%2Fv2%2Fcomments&post=16932"}],"version-history":[{"count":21,"href":"https:\/\/www.moelan-a-vent.fr\/index.php?rest_route=\/wp\/v2\/pages\/16932\/revisions"}],"predecessor-version":[{"id":17452,"href":"https:\/\/www.moelan-a-vent.fr\/index.php?rest_route=\/wp\/v2\/pages\/16932\/revisions\/17452"}],"up":[{"embeddable":true,"href":"https:\/\/www.moelan-a-vent.fr\/index.php?rest_route=\/wp\/v2\/pages\/23"}],"wp:featuredmedia":[{"embeddable":true,"href":"https:\/\/www.moelan-a-vent.fr\/index.php?rest_route=\/wp\/v2\/media\/3061"}],"wp:attachment":[{"href":"https:\/\/www.moelan-a-vent.fr\/index.php?rest_route=%2Fwp%2Fv2%2Fmedia&parent=16932"}],"curies":[{"name":"wp","href":"https:\/\/api.w.org\/{rel}","templated":true}]}}

Janvier-décembre 2026

<ul>
<li><strong><span style="color: #33cccc;">Week-end 5, 6, 7 juin</span></strong> : déplacement à <span style="color: #ff9900;">Cancale</span> pour la rencontre avec Cantharella</li>
</ul>
<p>&nbsp;</p>
<ul>
<li><strong><span style="color: #33cccc;">Vendredi 29 mai</span></strong> : animation à l&rsquo;EHPAD de <span style="color: #ff9900;">Concarneau</span></li>
</ul>
<p>&nbsp;</p>
<ul>
<li><strong><span style="color: #33cccc;">Lundi 27 avril</span> </strong>: animation à l&rsquo;EHPAD de <span style="color: #ff9900;">Pont-Aven</span></li>
<li><strong><span style="color: #33cccc;">Samedi 25 avril</span> </strong>: rencontre avec Courant d&rsquo;Air à <span style="color: #ff9900;">Névez</span></li>
<li><strong><span style="color: #33cccc;">Mercredi 22 avril</span> </strong>: animation à l&rsquo;EHPAD de <span style="color: #ff9900;">Bannalec</span></li>
<li><strong><span style="color: #33cccc;">Lundi 20 avril</span> </strong>: dans le cadre de la Semaine des Rias, jeu à <span style="color: #ff9900;">Doëlan</span> avec la Bande du Rigolo</li>
<li><strong><span style="color: #33cccc;">Vendredi 10 avril</span> </strong>: animation à la Résidence Amzer-Zo à <span style="color: #ff9900;">Clohars</span></li>
</ul>
<p>&nbsp;</p>
<ul>
<li><span style="color: #33cccc;"><strong>Samedi 28 mars</strong></span> : rencontre avec Courants d&rsquo;Airs de <span style="color: #ff9900;">Quéven</span></li>
<li><strong><span style="color: #33cccc;">Mercredi 11 mars</span></strong> : animation à l&rsquo;EHPAD de <span style="color: #ff9900;">Clohars</span></li>
</ul>
<p>&nbsp;</p>
<ul>
<li><strong><span style="color: #33cccc;">Jeudi 26 février</span></strong> : animation à l&rsquo;EHPAD Bois Joly de <span style="color: #ff9900;">Quimperlé</span></li>
<li><strong><span style="color: #33cccc;">Dimanche 15 février</span></strong> : fest-deiz de l&rsquo;association « Moëlan à vent » à l&rsquo;Ellipse de <span style="color: #ff9900;">Moëlan</span></li>
<li><strong><span style="color: #33cccc;">Vendredi 6 février</span></strong> : animation à l&rsquo;EHPAD de <span style="color: #ff9900;">Concarneau</span></li>
<li><strong><span style="color: #33cccc;">Lundi 2 février</span></strong> : animation à la résidence Kerélys de <span style="color: #ff9900;">Guidel</span></li>
</ul>

<p>Week-end 5, 6, 7 juin : déplacement à Cancale pour la rencontre avec Cantharella &nbsp; Vendredi 29 mai : animation à l&rsquo;EHPAD de Concarneau &nbsp; Lundi 27 avril : animation à l&rsquo;EHPAD de Pont-Aven Samedi 25 avril : rencontre avec &hellip; <a href="https://www.moelan-a-vent.fr/?page_id=16932">Continuer la lecture <span class="meta-nav">&rarr;</span></a></p>
