{"id":2097,"date":"2012-03-13T21:37:37","date_gmt":"2012-03-13T20:37:37","guid":{"rendered":"https:\/\/www.moelan-a-vent.fr\/?page_id=2097"},"modified":"2025-12-28T08:43:16","modified_gmt":"2025-12-28T07:43:16","slug":"ateliers-animations","status":"publish","type":"page","link":"https:\/\/www.moelan-a-vent.fr\/?page_id=2097","title":{"rendered":"Ateliers, animations"},"content":{"rendered":"<p lang=\"fr-FR\" align=\"LEFT\"><span style=\"font-family: 'Times New Roman', serif;\"><span style=\"font-size: small;\"><b><span style=\"font-family: Arial, sans-serif;\"><span style=\"font-size: small; color: #ff0000;\">Ateliers<\/span><span style=\"font-family: Arial, sans-serif;\"><span style=\"font-size: small; color: #ff0000;\"> : Ils ont lieu le jeudi apr\u00e8s midi.<\/span><span style=\"font-family: Arial, sans-serif;\"><span style=\"font-size: small;\"><br><\/span><\/span><\/span><\/span><\/b><span style=\"font-family: Arial, sans-serif;\"><span style=\"font-family: Arial, sans-serif;\"><span style=\"font-size: small;\">Pour participer aux ateliers d&rsquo;accord\u00e9on diatonique, seule une cotisation est exig\u00e9e chaque ann\u00e9e des adh\u00e9rents pour couvrir les frais de fonctionnement.<br>Pour la saison 2025-2026 l\u2019adh\u00e9sion a \u00e9t\u00e9 fix\u00e9e \u00e0 45 \u20ac par l\u2019assembl\u00e9e g\u00e9n\u00e9rale.&nbsp;<br>Les ateliers fonctionnent dans les locaux de la MLC <\/span><span style=\"font-family: Arial, sans-serif;\"><span style=\"font-family: Arial, sans-serif;\"><span style=\"font-size: small;\">de MOELAN \u2013SUR- MER de septembre \u00e0 juin (sauf pendant les vacances scolaires). Ils sont anim\u00e9s par des b\u00e9n\u00e9voles qui ne sont pas des professeurs. Nos animateurs n\u2019ont pas la pr\u00e9tention de rivaliser avec des professionnels de la p\u00e9dagogie diatonique. Conscients de leurs aptitudes et de leurs limites de petits amateurs, ils n\u2019ont pas d\u2019autre ambition que d\u2019\u00eatre des facilitateurs, de modestes courroies de transmission en encourageant toujours les notions d\u2019\u00e9coute, de participation et de partage des connaissances musicales.<\/span><\/span><\/span><\/span><\/span><\/span><\/span><\/p>\n<ul>\n<li><em><span style=\"text-decoration: underline;\">Atelier groupe Animapa<\/span><\/em>: jeudi de 14h \u00e0 15h15, anim\u00e9 par Annick salle multifonction.<\/li>\n<\/ul>\n<p>Objectif de cet atelier :Travailler un r\u00e9pertoire vari\u00e9 destin\u00e9 \u00e0 l &lsquo;animation en maisons de retraites (EHPAD).Des interventions r\u00e9guli\u00e8res ont lieu dans les EHPAD de Mo\u00eblan et des communes environnantes.<br>Tout adh\u00e9rent est le bienvenu s&rsquo;il peut jouer le <a href=\"https:\/\/www.moelan-a-vent.fr\/?page_id=14611\">r\u00e9pertoire d\u00e9di\u00e9.<\/a><\/p>\n<ul>\n<li><em><span style=\"text-decoration: underline;\">Atelier 1<\/span><\/em>: Jeudi de 14h15 \u00e0 15h15, anim\u00e9 par Gaby , salle Portec<\/li>\n<\/ul>\n<ul>\n<li><span style=\"text-decoration: underline;\"><em>Atelier 2<\/em><\/span>: Jeudi de 14h15 \u00e0 15h15, anim\u00e9 par Loic, Nadine et Annie, salle Kerabas.<\/li>\n<\/ul>\n<ul>\n<li><span style=\"text-decoration: underline;\"><em>Ateliers parall\u00e8les 3 et 4<\/em><\/span>: Jeudi de 15h30 \u00e0 16h30.Ces ateliers sont anim\u00e9s par B\u00e9n\u00e9dicte (salle multifonction) et Christine (salle Portec). Le travail et les morceaux \u00e9tudi\u00e9s sont identiques.<\/li>\n<\/ul>\n<ul>\n<li>Salle Portec: 16h30-17h :pause-caf\u00e9, petits g\u00e2teaux, C&rsquo;est un moment de convivialit\u00e9 tr\u00e8s appr\u00e9ci\u00e9<\/li>\n<\/ul>\n<ul>\n<li><em><span style=\"text-decoration: underline;\">Atelier jeu de groupe<\/span><\/em>: jeudi de 17h \u00e0 18h , anim\u00e9 par Louisic salle Portec. Dans cet atelier sont r\u00e9unis tous les membres des diff\u00e9rents ateliers qui le souhaitent.<\/li>\n<\/ul>\n<ul>\n<li><span style=\"text-decoration: underline;\"><em>Atelier \u00ab\u00a0chants de terre et de mer\u00a0\u00bb<\/em><\/span>: Premier jeudi de chaque mois \u00e0 la place de l&rsquo;atelier jeu de groupe, anim\u00e9 par Louisic.&nbsp;<\/li>\n<\/ul>\n<h6><span style=\"color: #ff0000;\">Les soir\u00e9es du lundi:<\/span><\/h6>\n<ul>\n<li><em><span style=\"text-decoration: underline;\">Rencontre et danses<\/span>:&nbsp; Dernier lundi du trimestre 20h -22h30 <\/em><\/li>\n<li><em><span style=\"text-decoration: underline;\">R\u00e9p\u00e9tition pour animation du march\u00e9 de Mo\u00eblan:<\/span>:&nbsp; Troisi\u00e8me lundi du mois 20h -22h30<\/em><\/li>\n<\/ul>\n<ul>\n<li><em><span style=\"text-decoration: underline;\">Atelier groupe Trad&rsquo;<\/span>:&nbsp; Les autres lundis du mois 20h -22h30 ( atelier prioritaire, tous les quinze jours environ)<\/em><\/li>\n<\/ul>\n<h4 lang=\"fr-FR\"><span style=\"font-family: Arial, sans-serif;\"><span style=\"font-size: small;\">Le groupe Trad est un groupe sp\u00e9cialis\u00e9 dans la musique traditionnelle bretonne. Il anime r\u00e9guli\u00e8rement fest-deiz et fest-noz dans la r\u00e9gion.&nbsp;<\/span><\/span><\/h4>\n<h4 lang=\"fr-FR\"><span style=\"font-family: Arial, sans-serif;\"><span style=\"font-size: small;\">Il intervient aussi \u00e0 la demande des groupes de danse loisir.<\/span><\/span><\/h4>\n\n\n<figure class=\"wp-block-image size-full is-resized\"><img decoding=\"async\" src=\"https:\/\/www.moelan-a-vent.fr\/wp-content\/uploads\/2025\/10\/Fest-noz.jpg\" alt=\"Fest-noz des Mo\u00eblan \u00e0 vent \u00e0 l'Ellipse de Mo\u00eblan 2 mai\" class=\"wp-image-16306\"\/><\/figure>\n\n\n<p>&nbsp;<\/p>\n<ul>\n<li><em><span style=\"text-decoration: underline;\">R\u00e9p\u00e9tition pour le groupe Parket:<\/span> Premier lundi du mois 20h-22h30<\/em><\/li>\n<\/ul>\n<h4 lang=\"fr-FR\"><span style=\"font-family: Arial, sans-serif;\"><span style=\"font-size: small;\">Dernier n\u00e9, le groupe Parket a vocation \u00e0 jouer de la musique bretonne sur le parquet de la salle de l&rsquo;Ellipse \u00e0 Mo\u00eblan.<\/span><\/span><\/h4>\n<p>&nbsp;<\/p>\n<p lang=\"fr-FR\"><span style=\"color: #ff0000;\"><span style=\"font-family: 'Times New Roman', serif;\"><span style=\"font-size: xx-small;\"><b><span style=\"font-family: Arial, sans-serif;\"><span style=\"font-size: small;\">Stages&nbsp;<\/span><span style=\"font-family: Arial, sans-serif;\"><span style=\"font-size: small;\">:<\/span><\/span><\/span><\/b><\/span><\/span><\/span><\/p>\n<h4 lang=\"fr-FR\"><span style=\"font-family: Arial, sans-serif;\"><span style=\"font-size: small;\">Des stages anim\u00e9s par Yvon Hervo, professeur dans le Morbihan (r\u00e9gion de Pontivy, Brand\u00e9rion ),sont aussi propos\u00e9s aux adh\u00e9rents de l &lsquo;association. <\/span><\/span><\/h4>\n<h4 lang=\"fr-FR\"><span style=\"font-family: Arial, sans-serif;\"><span style=\"font-size: small;\">Ils ont lieu la plupart du temps pendant les vacances scolaires.<\/span><\/span><\/h4>\n<h6>&nbsp;<\/h6>\n<p lang=\"fr-FR\"><span style=\"font-family: Arial, sans-serif; color: #ff0000;\"><span style=\"font-size: small;\"><b>Animations&nbsp;:<\/b><\/span><\/span><\/p>\n<h6 lang=\"fr-FR\"><span style=\"font-family: Arial, sans-serif;\"><span style=\"font-size: small;\">Chaque ann\u00e9e l &lsquo;association \u00ab\u00a0Les Mo\u00eblan-\u00e0-vent\u00a0\u00bb participe \u00e0 l\u2019animation de la vie locale : <\/span><\/span><\/h6>\n<h6 lang=\"fr-FR\"><span style=\"font-family: Arial, sans-serif;\"><span style=\"font-size: small;\">T\u00e9l\u00e9thon, f\u00eate de la musique, festivals, concerts, maisons de retraite, cr\u00e8ches, \u00e9coles, march\u00e9s, animations diverses \u00e0 la demande d\u2019associations amies, animations d\u2019\u00e9t\u00e9, soir\u00e9es-rencontre, festou-noz et festou-deiz, animations de soir\u00e9es organis\u00e9es par les associations de danse-loisirs \u2026<\/span><\/span><\/h6>\n<p>&nbsp;<\/p>\n<p style=\"text-align: justify;\"><a href=\"#\">Haut de page<\/a><\/p>","protected":false},"excerpt":{"rendered":"<p>Ateliers : Ils ont lieu le jeudi apr\u00e8s midi.Pour participer aux ateliers d&rsquo;accord\u00e9on diatonique, seule une cotisation est exig\u00e9e chaque ann\u00e9e des adh\u00e9rents pour couvrir les frais de fonctionnement.Pour la saison 2025-2026 l\u2019adh\u00e9sion a \u00e9t\u00e9 fix\u00e9e \u00e0 45 \u20ac par &hellip; <a href=\"https:\/\/www.moelan-a-vent.fr\/?page_id=2097\">Continuer la lecture <span class=\"meta-nav\">&rarr;<\/span><\/a><\/p>\n","protected":false},"author":9,"featured_media":2261,"parent":9648,"menu_order":2,"comment_status":"closed","ping_status":"closed","template":"","meta":{"ngg_post_thumbnail":0,"footnotes":""},"class_list":["post-2097","page","type-page","status-publish","has-post-thumbnail","hentry"],"_links":{"self":[{"href":"https:\/\/www.moelan-a-vent.fr\/index.php?rest_route=\/wp\/v2\/pages\/2097","targetHints":{"allow":["GET"]}}],"collection":[{"href":"https:\/\/www.moelan-a-vent.fr\/index.php?rest_route=\/wp\/v2\/pages"}],"about":[{"href":"https:\/\/www.moelan-a-vent.fr\/index.php?rest_route=\/wp\/v2\/types\/page"}],"author":[{"embeddable":true,"href":"https:\/\/www.moelan-a-vent.fr\/index.php?rest_route=\/wp\/v2\/users\/9"}],"replies":[{"embeddable":true,"href":"https:\/\/www.moelan-a-vent.fr\/index.php?rest_route=%2Fwp%2Fv2%2Fcomments&post=2097"}],"version-history":[{"count":93,"href":"https:\/\/www.moelan-a-vent.fr\/index.php?rest_route=\/wp\/v2\/pages\/2097\/revisions"}],"predecessor-version":[{"id":17169,"href":"https:\/\/www.moelan-a-vent.fr\/index.php?rest_route=\/wp\/v2\/pages\/2097\/revisions\/17169"}],"up":[{"embeddable":true,"href":"https:\/\/www.moelan-a-vent.fr\/index.php?rest_route=\/wp\/v2\/pages\/9648"}],"wp:featuredmedia":[{"embeddable":true,"href":"https:\/\/www.moelan-a-vent.fr\/index.php?rest_route=\/wp\/v2\/media\/2261"}],"wp:attachment":[{"href":"https:\/\/www.moelan-a-vent.fr\/index.php?rest_route=%2Fwp%2Fv2%2Fmedia&parent=2097"}],"curies":[{"name":"wp","href":"https:\/\/api.w.org\/{rel}","templated":true}]}}