{"id":2861,"date":"2012-07-22T20:14:07","date_gmt":"2012-07-22T19:14:07","guid":{"rendered":"https:\/\/www.moelan-a-vent.fr\/?page_id=2861"},"modified":"2025-12-20T18:03:03","modified_gmt":"2025-12-20T17:03:03","slug":"avril-juin-2012","status":"publish","type":"page","link":"https:\/\/www.moelan-a-vent.fr\/?page_id=2861","title":{"rendered":"Janvier-d\u00e9cembre 2012"},"content":{"rendered":"<div>\n<div>\n<p><span style=\"text-decoration: underline;\"><span style=\"color: #33cccc; text-decoration: underline;\">Jeudi 20 d\u00e9cembre<\/span><\/span>: animation du repas de No\u00ebl \u00e0 la maison de retraite Bois-Joly de Quimperl\u00e9.<\/p>\n<\/div>\n<div>\n<div><span style=\"text-decoration: underline;\"><span style=\"color: #33cccc; text-decoration: underline;\">Mardi 18 d\u00e9cembre<\/span><\/span>:&nbsp;le groupe TRAD&rsquo; animera un fest-noz vihan &nbsp;\u00e0 partir de 20 H 30&nbsp;dans la salle de Kerprat ( pr\u00e8s de l\u2019Estran ) \u00e0 Guidel.<\/div>\n<div><span style=\"text-decoration: underline; color: #33cccc;\">Samedi 8 d\u00e9cembre<\/span>: fest-deiz \u00e0 l\u2019Ellipse dans le cadre du T\u00e9l\u00e9thon.<\/div>\n<div><a href=\"http:\/\/www.ouest-france.fr\/actu\/actuLocale_-Fest-deiz-et-soiree-dansante-au-Telethon-samedi-8-decembre-_29150-avd-20121105-63933514_actuLocale.Htm\">(article Ouest-France du 5 novembre )<\/a><\/div>\n<div><span style=\"text-decoration: underline; color: #33cccc;\">Vendredi 7 d\u00e9cembre<\/span>: fest-noz \u00e0 Gourin ( 56 ).<\/div>\n<div><span style=\"color: #33cccc;\"><strong>Dimanche 25 novembre<\/strong><\/span>&nbsp;: \u00e0 l&rsquo;Ellipse, Mo\u00eblan, concert avec la chorale \u00ab\u00a0choeur \u00e0 coeur\u00a0\u00bb.<\/div>\n<div><span style=\"text-decoration: underline; color: #33cccc;\">Samedi 20 octobre<\/span>&nbsp;: dans le cadre de la \u00ab\u00a0semaine bleue\u00a0\u00bb, &nbsp;fest-deiz par le groupe trad&rsquo; \u00e0 la maison de&nbsp;retraite&nbsp;de Mo\u00eblan, \u00e0 14h30.<a href=\"http:\/\/www.ouest-france.fr\/actu\/actuLocale_-Gros-succes-du-fest-deiz-a-la-maison-de-retraite-_29150-avd-20121022-63842045_actuLocale.Htm\">article \u00ab\u00a0ouest-France\u00a0\u00bb 22 octobre<\/a><\/div>\n<p><span style=\"text-decoration: underline; color: #33cccc;\">Samedi 29 septembre&nbsp;<\/span>:&nbsp;<a href=\"http:\/\/www.ouest-france.fr\/actu\/actuLocale_-Les-musiciens-investissent-les-garages-le-29-septembre-_29031-avd-20120922-63648493_actuLocale.Htm\">\u00ab\u00a0soir\u00e9e garages\u00a0\u00bb<\/a>&nbsp;(article \u00ab\u00a0Ouest-France\u00a0\u00bb du 22 septembre)&nbsp;\u00e0 Clohars, quartier de Lanmeur \u00e0 partir de 18h 30&nbsp;dans le cadre du festival &nbsp;<a href=\"http:\/\/www.boestandiaoul.org\/web\/\">\u00ab\u00a0Le Diable dans la bo\u00eete\u00a0\u00bb<\/a>, boeufs chez l&rsquo;habitant.<br \/>\n<span style=\"text-decoration: underline; color: #33cccc;\">samedi 15 septembre<\/span><br \/>\njourn\u00e9e du patrimoine,<a href=\"http:\/\/www.ouest-france.fr\/actu\/actuLocale_-Journees-du-patrimoine-la-chapelle-St-Philibert-aussi-_29150-avd-20120913-63579409_actuLocale.Htm\">Christine &amp; Sabrina \u00e0 saint-Philibert<br \/>\n<\/a><span style=\"text-decoration: underline; color: #33cccc;\"><strong><a href=\"http:\/\/www.ouest-france.fr\/actu\/actuLocale_-Journees-du-patrimoine-la-chapelle-St-Philibert-aussi-_29150-avd-20120913-63579409_actuLocale.Htm\"><span style=\"color: #33cccc; text-decoration: underline;\">samedi 8 septembre de 14h \u00e0 18h<\/span><\/a><\/strong><\/span><strong><a href=\"http:\/\/www.ouest-france.fr\/actu\/actuLocale_-Journees-du-patrimoine-la-chapelle-St-Philibert-aussi-_29150-avd-20120913-63579409_actuLocale.Htm\"><br \/>\n<\/a><\/strong>Forum des Associations<br \/>\n<span style=\"text-decoration: underline; color: #33cccc;\">Dimanche 15 juillet<\/span>&nbsp;:Vernissage de l&rsquo;exposition des plaisanciers du Belon<br \/>\n<a href=\"http:\/\/www.ouest-france.fr\/actu\/actuLocale_-Expo-peche-et-puce-marine-des-plaisanciers-du-Belon-_29150-avd-20120719-63269588_actuLocale.Htm\">article \u00ab\u00a0Ouest-France\u00a0\u00bb, 19 juillet<br \/>\n<strong>Mercredi 18 juillet et mardi 7 ao\u00fbt<\/strong>&nbsp;Randos musicales de l\u2019association DRE AR VINOJEN de Clohars-Carno\u00ebt &nbsp;<\/a><a href=\"http:\/\/www.ouest-france.fr\/actu\/actuLocale_-Une-chorale-pour-la-premiere-balade-musicale-de-la-saison-_29031-avd-20120723-63289644_actuLocale.Htm\">Article du \u00ab\u00a0Ouest-France\u00a0\u00bb, 23 juillet<br \/>\n<strong>Samedi 7 juillet<\/strong>&nbsp; Animation du repas de la kermesse de l\u2019USM, union sportive mo\u00eblanaise<\/a><\/p>\n<\/div>\n<\/div>\n<div>\n<dl id=\"attachment_2841\">\n<dt><a href=\"https:\/\/www.moelan-a-vent.fr\/wp-content\/uploads\/2012\/01\/Kermessse-USM.jpg\"><img loading=\"lazy\" decoding=\"async\" title=\"Kermesse USM\" src=\"https:\/\/www.moelan-a-vent.fr\/wp-content\/uploads\/2012\/01\/Kermessse-USM-300x182.jpg\" alt=\"\" width=\"300\" height=\"182\"><\/a><\/dt>\n<dd>Le T\u00e9l\u00e9gramme, 12 juillet 2012<\/dd>\n<\/dl>\n<\/div>\n<p><a href=\"http:\/\/www.ouest-france.fr\/actu\/actuLocale_-La-kermesse-des-supporters-de-l-USM-a-lieu-le-samedi-7-juillet-_29150-avd-20120629-63149743_actuLocale.Htm\">Article du \u00ab\u00a0Ouest-France\u00a0\u00bb, 29 juin<br \/>\n<\/a><strong>Samedi 30 juin&nbsp;<\/strong><strong>&nbsp;<\/strong>Kersalut. F\u00eate de quartier. 20h30<br \/>\n<strong>Jeudi 28 juin&nbsp;<\/strong><strong>&nbsp;<\/strong>Notre f\u00eate \u00e0 15 h \u00e0 Malachappe -et repas !- de fin d&rsquo;ann\u00e9e<br \/>\n<strong>Samedi 23 juin&nbsp;<\/strong><strong>&nbsp;<\/strong>Mo\u00eblan. F\u00eate de la musique<br \/>\n<a href=\"https:\/\/www.moelan-a-vent.fr\/wp-content\/uploads\/2012\/01\/affiche_fete_de_la_musique_2012_v7_300px.jpg\"><img loading=\"lazy\" decoding=\"async\" title=\"F\u00eate de la musique \u00e0 Mo\u00eblan sur mer\" src=\"https:\/\/www.moelan-a-vent.fr\/wp-content\/uploads\/2012\/01\/affiche_fete_de_la_musique_2012_v7_300px-150x150.jpg\" alt=\"\" width=\"150\" height=\"150\"><br \/>\n<\/a>Prestation du grand groupe sur la place de l\u2019\u00e9glise \u00e0 17h et grand fest-noz en plein air sur le quai de Brigneau \u00e0 partir de 20 H 30<br \/>\n<a href=\"http:\/\/www.letelegramme.com\/local\/finistere-sud\/quimperle-concarneau\/qleregion\/moelansurmer\/fete-de-la-musique-un-bilan-mi-figue-mi-raisin-25-06-2012-1751100.php\">Article du \u00ab\u00a0T\u00e9l\u00e9gramme\u00a0\u00bb, 25 juin<br \/>\n<\/a>&nbsp;<a href=\"http:\/\/www.ouest-france.fr\/actu\/actuLocale_--Faites-la-musique-au-bourg-a-Brigneau-et-au-Belon-_29150-avd-20120622-63097588_actuLocale.Htm\">Article du \u00ab\u00a0Ouest-France\u00a0\u00bb, 22 juin<br \/>\n<\/a><span style=\"text-decoration: underline; color: #33cccc;\">Vendredi 22 juin<\/span><strong>&nbsp;&nbsp;<\/strong>Rando gourmande Clohars<br \/>\n<span style=\"text-decoration: underline;\"><span style=\"color: #33cccc; text-decoration: underline;\">Vendredi 22 juin<\/span><\/span><strong>&nbsp;<\/strong>Biblioth\u00e8que d&rsquo;Arzano &nbsp; &nbsp;20h30<br \/>\n<a href=\"http:\/\/www.ouest-france.fr\/actu\/actuLocale_-Pierre-Mac-Orlan-a-l-honneur-a-la-bibliotheque-_29002-avd-20120625-63116939_actuLocale.Htm\">Article du \u00ab\u00a0Ouest-France\u00a0\u00bb, 25 juin<br \/>\n<\/a><span style=\"text-decoration: underline; color: #33cccc;\">Jeudi 21 juin&nbsp;<\/span>&nbsp;F\u00eate de la musique \u00e0 Bois Joly<br \/>\n<span style=\"text-decoration: underline; color: #33cccc;\">Dimanche 3 juin<strong>&nbsp;<\/strong><\/span><strong>&nbsp;<\/strong>Kermesse \u00e9cole du bourg &nbsp; &nbsp; 15h30<br \/>\n<span style=\"text-decoration: underline; color: #33cccc;\">Dimanche 3 juin<br \/>\n<\/span>Mac Orlan. Brigneau :&nbsp;Intervention sur promenade litt\u00e9raire &nbsp; 10h<br \/>\nMac Orlan, Ellipse avec la chorale &nbsp;15h&nbsp;<em>&nbsp;<a href=\"http:\/\/www.letelegramme.com\/local\/finistere-sud\/quimperle-concarneau\/qleregion\/moelansurmer\/festival-pierre-mac-orlan-une-bonne-participation-04-06-2012-1725474.php\">Article du \u00ab\u00a0T\u00e9l\u00e9gramme\u00a0\u00bb, 4 juin<br \/>\n<\/a><\/em>Mac Orlan, Ellipse accompagnement de B. Geneste&nbsp; &nbsp; &nbsp;16h30<br \/>\n<span style=\"text-decoration: underline; color: #33cccc;\">Samedi 2 juin<br \/>\n<\/span>Mac Orlan. Accompagnement lecture II&nbsp; &nbsp; &nbsp; 16h<br \/>\nMac Orlan. Animation d\u00eener. &nbsp; &nbsp; &nbsp;19h<br \/>\n<span style=\"text-decoration: underline; color: #33cccc;\">Mercredi 16 mai<\/span><strong><span style=\"text-decoration: underline; color: #33cccc;\">&nbsp;<\/span> &nbsp;&nbsp;<\/strong><em><a href=\"http:\/\/www.ouest-france.fr\/actu\/actuLocale_-Rendez-vous-avec-Pierre-Mac-Orlan-un-artiste-complet-_29230-avd-20120518-62858810_actuLocale.Htm\">Article du \u00ab\u00a0Ouest-France\u00a0\u00bb, 18 mai<br \/>\n<\/a><\/em><span style=\"text-decoration: underline; color: #33cccc;\">vendredi 1er, samedi 2 &amp; dimanche 3 juin<br \/>\n<\/span>Mo\u00eblan f\u00eate Pierre Mac Orlan<br \/>\nVent, temp\u00eate, &#8230;mais soleil aussi , ont \u00e9t\u00e9 au rendez-vous<br \/>\n<a href=\"http:\/\/www.letelegramme.com\/local\/finistere-sud\/quimperle-concarneau\/qleregion\/moelansurmer\/festival-pierre-mac-orlan-une-bonne-participation-04-06-2012-1725474.php#\">Quotidien \u00ab\u00a0<\/a><a href=\"http:\/\/www.letelegramme.com\/local\/finistere-sud\/quimperle-concarneau\/qleregion\/moelansurmer\/festival-pierre-mac-orlan-une-bonne-participation-04-06-2012-1725474.php#\">le T\u00e9l\u00e9gramme<\/a><a href=\"http:\/\/www.letelegramme.com\/local\/finistere-sud\/quimperle-concarneau\/qleregion\/moelansurmer\/festival-pierre-mac-orlan-une-bonne-participation-04-06-2012-1725474.php#\">\u00ab\u00a0, 4 juin<br \/>\n<\/a>Quotidien&nbsp;<em><a href=\"http:\/\/www.ouest-france.fr\/actu\/actuLocale_-La-commune-fete-l-ecrivain-Pierre-Mac-Orlan-en-juin-_29150-avd-20120225-62308049_actuLocale.Htm\">Ouest-France<\/a><\/em>&nbsp;(voir l&rsquo;article)<br \/>\n<span style=\"text-decoration: underline; color: #33cccc;\">Lundi 14 mai<\/span>&nbsp;&nbsp;&nbsp;&nbsp;<a href=\"http:\/\/www.ouest-france.fr\/actu\/actuLocale_-Danses-au-son-de-l-accordeon-diatonique-lundi-_29150-avd-20120518-62858837_actuLocale.Htm\">Notre fest noz \u00e0 l&rsquo;Ellipse<br \/>\n<\/a><span style=\"text-decoration: underline; color: #33cccc;\">Samedi 12 mai<\/span>&nbsp;\u00e0 Concarneau\/Lanriec<br \/>\nanimation de la kermesse organis\u00e9e par la conf\u00e9rence Saint Vincent de Paul au profit du CMSP ( centre m\u00e9dico-social pr\u00e9coce) et des enfants hospitalis\u00e9s.<br \/>\n<span style=\"text-decoration: underline;\"><span style=\"color: #33cccc; text-decoration: underline;\">Samedi 12 mai&nbsp;<\/span><\/span>&nbsp; &nbsp; &nbsp;&nbsp;<a href=\"http:\/\/www.youtube.com\/watch?v=hlR4nEVi04U\">Diato deiz<br \/>\n<\/a><span style=\"text-decoration: underline; color: #33cccc;\">Samedi 5 mai&nbsp;<\/span>:\u00e0 partir de midi<br \/>\nanimation aux \u00ab\u00a0JARDINS BIOS&nbsp;DE KERBELLEC\u00a0\u00bb de St Thurien<br \/>\nAssociation de r\u00e9-insertion par le mara\u00eechage qui organise une op\u00e9ration \u00ab\u00a0radis-pain-beurre\u00a0\u00bb<br \/>\n<span style=\"text-decoration: underline; color: #33cccc;\">Mardi 1er mai:<br \/>\n<\/span>animation de la kermesse de la maison de retraite TAL AR MOR \u00e0 MOELAN SUR MER<br \/>\n<span style=\"text-decoration: underline; color: #33cccc;\">Samedi 28 avril<\/span><strong><span style=\"text-decoration: underline; color: #33cccc;\">&nbsp;<\/span>:&nbsp;<\/strong>Retour \u00e0 Do\u00e9lan du \u00ab\u00a0<em>Rigolo<\/em>\u00a0\u00bb , qui s&rsquo;est refait une sant\u00e9. Quelques diatos pour f\u00eater \u00e7a !(annul\u00e9 du fait de l&rsquo;organisateur)<br \/>\n<span style=\"text-decoration: underline; color: #33cccc;\">Mardi 3 avril&nbsp;<\/span><strong><span style=\"text-decoration: underline; color: #33cccc;\">:<\/span>&nbsp;<\/strong>animation du fest-noz organis\u00e9 par le groupe de danses bretonnes de Guidel.<br \/>\n<span style=\"text-decoration: underline; color: #33cccc;\">Lundi 2 avril<\/span>&nbsp;\u00e0 14 H :&nbsp;animation \u00e0 la maison de retraite de Bois-Joly \u00e0 Quimperl\u00e9.Mardi 20 mars&nbsp;:&nbsp;le groupe TRAD&rsquo; a fait danser le groupe de danses bretonnes de RIEC-SUR-BELONsamedi 17 mars&nbsp;\u00e0 15 H \u00e0 l&rsquo;Ellipse&nbsp;:<strong>&nbsp;<\/strong>animation du go\u00fbter organis\u00e9 par l&rsquo;association ESPOIR-QUIMPERLE qui milite pour favoriser l&rsquo;int\u00e9gration dans la cit\u00e9 de toutes personnes en souffrances psychiques (en collaboration avec le centre hospitalier ).<br \/>\nsamedi 17 mars&nbsp;\u00e0 partir de 19 H&nbsp;:<strong>&nbsp;<\/strong>animation du repas et du fest-noz organis\u00e9 \u00e0 l&rsquo;occasion de la Saint-Patrick par le comit\u00e9 de jumelage Mo\u00eblan-Louisburgh ( Irlande ) au domaine de Beg Porz.<br \/>\nQuotidien \u00ab\u00a0<a href=\"http:\/\/www.letelegramme.com\/local\/finistere-sud\/quimperle-concarneau\/qleregion\/moelansurmer\/moelan-louisburgh-fete-de-la-saint-patrick-le-17mars-26-01-2012-1579025.php\">Le T\u00e9l\u00e9gramme<\/a>\u00a0\u00bb &nbsp;<em>(voir l&rsquo;article)<br \/>\n<\/em>Quotidien&nbsp;<a href=\"http:\/\/www.ouest-france.fr\/actu\/actuLocale_-Premiere-rencontre-pour-le-jumelage-Moelan-Louisburgh-_29150-avd-20120319-62458701_actuLocale.Htm\">\u00ab\u00a0Ouest-France\u00a0\u00bb<\/a>&nbsp;(<em>voir l&rsquo;article)<br \/>\n<\/em><span style=\"text-decoration: underline; color: #33cccc;\">lundi 5 mars<\/span>&nbsp;: Baye<br \/>\nLes danseuses et danseurs de la section danses bretonnes de l&rsquo;Amicale la\u00efque de Baye avaient voulu faire la surprise \u00e0 leur animateur \u00e0 l&rsquo;occasion de son anniversaire !<br \/>\nEt \u00e7a a march\u00e9&#8230; En p\u00e9n\u00e9trant dans la&nbsp; ( superbe )&nbsp;salle polyvalente, Marcel a d\u00e9couvert que 7 diatonistes et un bouzoukiste avaient investi la sc\u00e8ne avec leur sono d&rsquo;enfer !Tr\u00e8s belle soir\u00e9e au cours de laquelle le groupe TRAD&rsquo; a eu beaucoup de plaisir \u00e0 faire danser une soixantaine de passionn\u00e9(e)s.<br \/>\n<span style=\"text-decoration: underline;\"><span style=\"color: #33cccc; text-decoration: underline;\">samedi 25 f\u00e9vrier.<\/span><\/span> Encore un Fest noz \u00e0 Mo\u00eblan.<br \/>\n<span style=\"text-decoration: underline; color: #33cccc;\">mardi 7 f\u00e9vrier<\/span>. Ca tourne \u00e0 Pont- Aven.<br \/>\n<span style=\"text-decoration: underline; color: #33cccc;\">lundi 6 f\u00e9vrier<\/span>. C&rsquo;est plus calme \u00e0 Bois Joly, 4 \u00e0 5 diatos.<br \/>\n<span style=\"text-decoration: underline; color: #33cccc;\">dimanche 5 f\u00e9vrie<\/span><span style=\"color: #33cccc;\">r<\/span>.&nbsp;\u00e7a danse \u00e0 Elliant.<br \/>\n<span style=\"text-decoration: underline; color: #33cccc;\">vendredi 27 janvier<\/span>.&nbsp; Soir\u00e9e- cr\u00eapes au Coll\u00e8ge de Mo\u00eblan.<br \/>\n<span style=\"text-decoration: underline; color: #33cccc;\">lundi 23 janvier&nbsp;20h30<\/span>. &nbsp;Fest noz MLC.<br \/>\nImportant et d\u00e9j\u00e0 incontournable rendez-vous \u00e0 danser + Pot + ambiance + sono\u2026 \u00e0 ne pas manquer.<\/p>\n<p><span style=\"text-decoration: underline;\"><span style=\"color: #ff6600;\"><strong>Autres animations :<\/strong><\/span><\/span><\/p>\n<p><span style=\"color: #33cccc;\"><strong>du samedi 29 septembre au dimanche 7 octobre<\/strong><\/span><\/p>\n<p>festival \u00ab\u00a0<a href=\"http:\/\/www.boestandiaoul.org\/web\/\">Le diable dans la bo\u00eete\u00a0\u00bb<\/a><\/p>\n<p>* * * * * * * * * * * * * * * * * * * * * *<\/p>\n<p><span style=\"color: #33cccc;\"><strong>samedi 15 septembre, Mo\u00eblan<\/strong><\/span><\/p>\n<p>journ\u00e9e du patrimoine<\/p>\n<p><a href=\"http:\/\/www.ouest-france.fr\/actu\/actuLocale_-Journees-du-patrimoine-la-chapelle-St-Philibert-aussi-_29150-avd-20120913-63579409_actuLocale.Htm\">Christine &amp; Sabrina \u00e0 saint-Philibert<\/a><\/p>\n<p>* * * * * * * * * * * * * * * * * * * * * *<\/p>\n<p><span style=\"color: #33cccc;\"><strong>samedi 8 septembre de 14h \u00e0 18h<\/strong><\/span><\/p>\n<p>Forum des Associations<\/p>\n<p>* * * * * * * * * * * * * * * * * * * * *<\/p>\n<p><span style=\"color: #33cccc;\"><strong>Samedi 7 juillet<\/strong><\/span><\/p>\n<p>Kermesse des supporters de l&rsquo;USM<\/p>\n<p><a href=\"http:\/\/www.ouest-france.fr\/actu\/actuLocale_-La-kermesse-des-supporters-de-l-USM-a-lieu-le-samedi-7-juillet-_29150-avd-20120629-63149743_actuLocale.Htm\">Article du \u00ab\u00a0Ouest-France\u00a0\u00bb, 29 juin<\/a><\/p>\n<p>* * * * * * * * * * * * * * * * * * * *<\/p>\n<p>&nbsp;<\/p>\n","protected":false},"excerpt":{"rendered":"<p>Jeudi 20 d\u00e9cembre: animation du repas de No\u00ebl \u00e0 la maison de retraite Bois-Joly de Quimperl\u00e9. Mardi 18 d\u00e9cembre:&nbsp;le groupe TRAD&rsquo; animera un fest-noz vihan &nbsp;\u00e0 partir de 20 H 30&nbsp;dans la salle de Kerprat ( pr\u00e8s de l\u2019Estran ) &hellip; <a href=\"https:\/\/www.moelan-a-vent.fr\/?page_id=2861\">Continuer la lecture <span class=\"meta-nav\">&rarr;<\/span><\/a><\/p>\n","protected":false},"author":9,"featured_media":2872,"parent":23,"menu_order":20,"comment_status":"closed","ping_status":"open","template":"","meta":{"ngg_post_thumbnail":0,"footnotes":""},"class_list":["post-2861","page","type-page","status-publish","has-post-thumbnail","hentry"],"_links":{"self":[{"href":"https:\/\/www.moelan-a-vent.fr\/index.php?rest_route=\/wp\/v2\/pages\/2861","targetHints":{"allow":["GET"]}}],"collection":[{"href":"https:\/\/www.moelan-a-vent.fr\/index.php?rest_route=\/wp\/v2\/pages"}],"about":[{"href":"https:\/\/www.moelan-a-vent.fr\/index.php?rest_route=\/wp\/v2\/types\/page"}],"author":[{"embeddable":true,"href":"https:\/\/www.moelan-a-vent.fr\/index.php?rest_route=\/wp\/v2\/users\/9"}],"replies":[{"embeddable":true,"href":"https:\/\/www.moelan-a-vent.fr\/index.php?rest_route=%2Fwp%2Fv2%2Fcomments&post=2861"}],"version-history":[{"count":12,"href":"https:\/\/www.moelan-a-vent.fr\/index.php?rest_route=\/wp\/v2\/pages\/2861\/revisions"}],"predecessor-version":[{"id":17159,"href":"https:\/\/www.moelan-a-vent.fr\/index.php?rest_route=\/wp\/v2\/pages\/2861\/revisions\/17159"}],"up":[{"embeddable":true,"href":"https:\/\/www.moelan-a-vent.fr\/index.php?rest_route=\/wp\/v2\/pages\/23"}],"wp:featuredmedia":[{"embeddable":true,"href":"https:\/\/www.moelan-a-vent.fr\/index.php?rest_route=\/wp\/v2\/media\/2872"}],"wp:attachment":[{"href":"https:\/\/www.moelan-a-vent.fr\/index.php?rest_route=%2Fwp%2Fv2%2Fmedia&parent=2861"}],"curies":[{"name":"wp","href":"https:\/\/api.w.org\/{rel}","templated":true}]}}