{"id":3112,"date":"2012-10-19T13:59:40","date_gmt":"2012-10-19T12:59:40","guid":{"rendered":"https:\/\/www.moelan-a-vent.fr\/?page_id=3112"},"modified":"2024-02-24T09:00:07","modified_gmt":"2024-02-24T08:00:07","slug":"juillet-septembre-2012","status":"publish","type":"page","link":"https:\/\/www.moelan-a-vent.fr\/?page_id=3112","title":{"rendered":"Janvier-d\u00e9cembre 2013"},"content":{"rendered":"<div><span style=\"color: #33cccc;\"><strong>Vendredi 20 d\u00e9cembre<\/strong><\/span>&nbsp;\u00e0 10 H &nbsp;Dani\u00e8le et Georges animeront No\u00ebl \u00e0 la cr\u00e8che OCEANE de MOELAN-SUR-MER<\/div>\n<div><a href=\"http:\/\/www.letelegramme.fr\/local\/finistere-sud\/quimperle-concarneau\/qleregion\/moelansurmer\/moelan-a-vent-les-accordeonistes-jouent-pour-tous-30-12-2013-2354301.php\">article \u00ab\u00a0le T\u00e9l\u00e9gramme\u00a0\u00bb du 30 d\u00e9cembre<\/a><\/div>\n<div><strong><span style=\"color: #33cccc;\">Mardi 17 d\u00e9cembre<\/span>, &nbsp;<\/strong>\u00e0 14 h : animation \u00e0 la maison de retraite de Mo\u00eblan-sur-mer<\/div>\n<div><span style=\"color: #33cccc;\"><strong>Mardi 17 d\u00e9cembre<\/strong><\/span>&nbsp;, 20h 30 : fest-noz vihan \u00e0 Guidel avec l\u2019association AR UN DRO E GWIDEL<\/div>\n<div><span style=\"color: #33cccc;\"><strong>Samedi 7 d\u00e9cembre<\/strong>,<\/span> 15 heures : fest-deiz anim\u00e9 par le groupe TRAD \u00e0 l\u2019Ellipse \u00e0 l\u2019occasion du T\u00e9l\u00e9thon<\/div>\n<div><strong><span style=\"color: #33cccc;\">Vendredi 29 novembre<\/span>,<\/strong>&nbsp;\u00e0 20 H 30: animation par le groupe TRAD de la soir\u00e9e danses-loisirs de l\u2019Amicale la\u00efque de NEVEZ.<\/div>\n<div><strong><span style=\"color: #33cccc;\">Lundi 25 novembre<\/span>,&nbsp;<\/strong>20h 30 : animation par le groupe TRAD de la soir\u00e9e-danses loisirs de l\u2019Amicale la\u00efque de Baye<\/div>\n<div><strong><span style=\"color: #33cccc;\">Mardi 12 novembre<\/span>&nbsp;<\/strong>: animation \u00e0 la maison de retraite d\u2019Arzano<\/div>\n<div>ngg_shortcode_0_placeholder<\/div>\n<div><a href=\"http:\/\/www.ouest-france.fr\/les-moelan-vent-ont-deploye-leurs-ailes-lehpad-1717540\">Article \u00ab\u00a0Ouest-France\u00a0\u00bb du 14 novembre<\/a><\/div>\n<div><strong><span style=\"color: #33cccc;\">Mardi 12 novembre<\/span>&nbsp;:&nbsp;<\/strong>animation par le groupe TRAD de la soir\u00e9e- danses loisirs de l\u2019association des fleurs d\u2019ajonc \u00e0 Pont-Aven<\/div>\n<div><strong><span style=\"color: #33cccc;\">Mercredi 30 octobre&nbsp;<\/span>:&nbsp;<\/strong>animation &nbsp;\u00e0 la maison de retraite de Bois Joly de Quimperl\u00e9<\/div>\n<div>\n<div><strong><span style=\"color: #33cccc;\">Samedi 26 octobre<\/span>&nbsp;<\/strong>: fest-deiz \u00e0 la maison de retraite dans le cadre de la semaine bleue.<\/div>\n<div><strong><span style=\"color: #33cccc;\">Samedi 19 octobre<\/span>&nbsp;<\/strong>: stage danses bretonnes organis\u00e9 par l\u2019association Lagadenn.<\/div>\n<div><a href=\"http:\/\/www.ouest-france.fr\/actu\/actuLocale_-Des-stages-de-danses-bretonnes-pour-tous-_29150-avd-20131020-66176238_actuLocale.Htm\">Article \u00ab\u00a0Ouest-France\u00a0\u00bb du 20 octobre<\/a><\/div>\n<div><strong><span style=\"color: #33cccc;\">Dimanche 13 octobre<\/span> :&nbsp;<\/strong>\u00e0 l\u2019Ellipse f\u00eate du 45\u00e8m\u00e8 anniversaire du jumelage MOELAN\/LINDELFELDS.<br \/>\n<span style=\"color: #33cccc;\"><strong>Dimanche 29 septembre<\/strong><\/span>&nbsp;: concert dans la salle polyvalente de RIEC-SUR BELON dans le cadre du festival \u00ab\u00a0Boest an diaoul\u00a0\u00bb.<br \/>\n<span style=\"color: #33cccc;\"><strong>Dimanche 15 septembre<\/strong><\/span>&nbsp;: \u00ab\u00a0pot musical \u00a0\u00bb sur le port de Brigneau, \u00e0 l&rsquo;issue de la balade comment\u00e9e dans le cadre des journ\u00e9es du patrimoine.<br \/>\n<span style=\"color: #33cccc;\"><strong>Vendredi 23 ao\u00fbt<\/strong><\/span>&nbsp;: initiation aux danses bretonnes place de l\u2019\u00e9glise \u00e0 Mo\u00eblan.<\/div>\n<\/div>\n<div><span style=\"color: #33cccc;\"><strong>Jeudi 15 et jeudi 22 ao\u00fbt<\/strong>&nbsp;<\/span>: animation du repas \u00e0 Beg Porz.<\/div>\n<div><span style=\"color: #33cccc;\"><strong>Mercredi 14 ao\u00fbt<\/strong><\/span>&nbsp;: initiation aux danses bretonnes sur le march\u00e9 du Pouldu.<\/div>\n<div><span style=\"color: #33cccc;\"><strong>Dimanche 11 ao\u00fbt<\/strong><\/span>&nbsp;: animation des puces de mer organis\u00e9es par l\u2019APUB sur le port du Belon.<\/div>\n<div><span style=\"color: #33cccc;\"><strong>Jeudi 8 ao\u00fbt<\/strong>&nbsp;<\/span>&nbsp;: animation du repas FRUITS DE MER au centre de Beg Porz.<\/div>\n<div><span style=\"color: #33cccc;\"><strong>vendredi 3 ao\u00fbt<\/strong><\/span>&nbsp;: &nbsp;animation de la poissonnade de la f\u00eate des fleurs d\u2019ajonc \u00e0 Pont-Aven.<\/div>\n<div>\n<p><span style=\"color: #33cccc;\"><strong>Vendredi 26 juillet<\/strong>&nbsp;<\/span>:&nbsp;<strong>&nbsp;<\/strong>animation \u00e0 l &lsquo;accueil de jour Ti an heol de Mo\u00eblan&nbsp;<a href=\"http:\/\/www.ouest-france.fr\/actu\/actuLocale_-Animation-musicale-a-l-accueil-de-jour-_29150-avd-20130729-65647819_actuLocale.Htm\">(article OF)<\/a><\/p>\n<div style=\"display: inline !important;\"><strong>&nbsp;<\/strong><\/div>\n<\/div>\n<div><strong><span style=\"color: #33cccc;\">Vendredi 28 juin<\/span>&nbsp;:&nbsp;<\/strong>fest-noz vihan au Pouldu (pr\u00e8s de l&rsquo;office du tourisme) \u00e0 l\u2019occasion de la rando gourmande organis\u00e9e par l\u2019association de parents d\u2019\u00e9l\u00e8ves de l\u2019\u00e9cole de Clohars , 21h<\/div>\n<div><strong><span style=\"color: #33cccc;\">Jeudi 27 juin<\/span>&nbsp;:&nbsp;<\/strong><strong><a title=\"\" href=\"https:\/\/www.moelan-a-vent.fr\/wp-content\/gallery\/informations\/belon.jpg\"><img decoding=\"async\" src=\"https:\/\/www.moelan-a-vent.fr\/wp-content\/gallery\/informations\/thumbs\/thumbs_belon.jpg\" alt=\"belon\"><\/a>&nbsp;<\/strong>notre f\u00eate de fin de saison ( jeu de groupe sur les quais au B\u00e9lon, assembl\u00e9e g\u00e9n\u00e9rale \u00e0 la Maison du Marin, repas au&nbsp;&nbsp;restaurant )<\/div>\n<div><span style=\"color: #33cccc;\"><strong>Mardi 25 juin<\/strong><\/span>&nbsp;: fest-noz vihan \u00e0 Guidel avec l\u2019association locale AR UN DR O E GWIDEL<\/div>\n<div><strong><span style=\"color: #33cccc;\">Samedi 22 juin<\/span>&nbsp;:&nbsp;<\/strong><a href=\"http:\/\/www.ouest-france.fr\/actu\/actuLocale_-Le-programme-de-la-Fete-de-la-musique-_29150-avd-20130531-65259682_actuLocale.Htm\">F\u00eate de la musique<\/a>&nbsp;(article Ouest-France)&nbsp;\u00e0 Mo\u00eblan ( un petit concert \u00e0 la chapelle Saint-Philibert et un fest-noz sur le quai du port de Brigneau<\/div>\n<div><strong>&nbsp; &nbsp; &nbsp; &nbsp; &nbsp; &nbsp; &nbsp; &nbsp; &nbsp; &nbsp; &nbsp; &nbsp; &nbsp; &nbsp; &nbsp; &nbsp; &nbsp; &nbsp; &nbsp; &nbsp; &nbsp; &nbsp; &nbsp; &nbsp; &nbsp; &nbsp; &nbsp; &nbsp; &nbsp;&nbsp;<a title=\"\" href=\"https:\/\/www.moelan-a-vent.fr\/wp-content\/gallery\/informations\/brigneau-039.jpg\"><img decoding=\"async\" src=\"https:\/\/www.moelan-a-vent.fr\/wp-content\/gallery\/informations\/thumbs\/thumbs_brigneau-039.jpg\" alt=\"brigneau-039\"><\/a><\/strong><\/div>\n<div><strong><span style=\"color: #33cccc;\">Vendredi 21 juin<\/span>&nbsp;: f\u00eate de la musique \u00e0 la maison de retraite de Bois-Joly<\/strong><\/div>\n<div><span style=\"color: #33cccc;\"><strong>Mercredi 12 juin<\/strong><\/span>&nbsp;:&nbsp;<strong>animation \u00e0 la MAPA de Guidel<\/strong><\/div>\n<div><span style=\"color: #33cccc;\"><strong>Mardi 11 juin<\/strong><\/span>&nbsp;:&nbsp;<strong>animation du groupe TRAD&rsquo; au cercle de danses-loisirs de Pont-Aven.<\/strong><\/div>\n<div><strong><span style=\"color: #33cccc;\">Samedi 8 juin<\/span>&nbsp;: animation du repas de la kermesse des \u00e9coles de Mo\u00eblan ( groupe TRAD )<\/strong><\/div>\n<div><span style=\"color: #33cccc;\"><strong>Vendredi 31 mai<\/strong><\/span>&nbsp;:&nbsp;<strong>animation au centre de jour pour malades d\u2019Alzheimer TI MA BRO, \u00e0 Querrien<\/strong><\/div>\n<div><span style=\"color: #33cccc;\"><strong>Vendredi 19 avril<\/strong><\/span>&nbsp;:&nbsp;<strong>animation \u00e0 la r\u00e9sidence KERELYS de GUIDEL pour personnes \u00e2g\u00e9es d\u00e9pendantes.<\/strong><\/div>\n<div><strong><span style=\"color: #33cccc;\">Mardi 16 avril<\/span>&nbsp;: fest-noz vihan \u00e0 Guidel avec l\u2019association AR UN DRO E GWIDEL.<\/strong><\/div>\n<div><strong><span style=\"color: #33cccc;\">Lundi 15 avril<\/span>&nbsp;: \u00e0 20 H 30 \u00e0 la MLC rencontre musicale avec nos amis de l\u2019association des musiques traditionnelles de CLOHARS-CARNOET.<\/strong><\/div>\n<div>\n<div><strong><span style=\"color: #33cccc;\">Dimanche 14 avril<\/span>&nbsp;: danses bretonnes \u00e0 BAYE (salle polyvalente ).<\/strong><\/div>\n<div>\n<p><strong><span style=\"color: #33cccc;\">Samedi 13 avril<\/span>&nbsp;: animation par le groupe TRAD pour l&rsquo;&nbsp;<a href=\"http:\/\/www.ouest-france.fr\/actu\/actuLocale_-Justine-est-la-nouvelle-reine-des-Feurs-d-ajonc-_29217-avd-20130415-64960803_actuLocale.Htm\">\u00e9lection de la reine des Fleurs d&rsquo;ajonc, Pont-Aven<\/a>&nbsp;(article \u00ab\u00a0Ouest-France\u00a0\u00bb , 15 avril)<\/strong><\/p>\n<div>\n<dl id=\"\">\n<dt><img loading=\"lazy\" decoding=\"async\" src=\"http:\/\/www.ouest-france.fr\/of-photos\/2013\/04\/15\/qm_3771372_1_px_470_.jpg\" alt=\"\" width=\"235\" height=\"175\"><\/dt>\n<dd>La nouvelle reine et ses demoiselles d&rsquo;honneur<\/dd>\n<\/dl>\n<\/div>\n<\/div>\n<\/div>\n<div><strong>V<span style=\"color: #33cccc;\">endredi 5 avril<\/span>&nbsp;\u00e0 20 H 30 : fest- noz vihan \u00e0 Locunol\u00e9 avec l\u2019association de danses bretonnes DANSAL GWENER NOZ.<a href=\"https:\/\/www.moelan-a-vent.fr\/wp-content\/uploads\/2012\/01\/Locunol\u00e9.jpg\"><img loading=\"lazy\" decoding=\"async\" src=\"https:\/\/www.moelan-a-vent.fr\/wp-content\/uploads\/2012\/01\/Locunol\u00e9.jpg\" alt=\"photo &quot;Le T\u00e9l\u00e9gramme&quot;\" width=\"539\" height=\"237\"><\/a><\/strong><\/div>\n<h3>(PHOTO \u00ab\u00a0LE T\u00c9L\u00c9GRAMME\u00a0\u00bb, 8 AVRIL 2013)<\/h3>\n<div><span style=\"color: #33cccc;\"><strong>&nbsp;<\/strong><\/span><strong><span style=\"color: #33cccc;\">Samedi 30 mars<\/span>&nbsp;\u00e0 15 H : participation du groupe TRAD \u00e0 la f\u00eate du Pouldu.&nbsp;ANNULE, IL FAIT TROP &nbsp;FROID !<\/strong><\/div>\n<div><strong><span style=\"color: #33cccc;\">Vendredi 29 mars<\/span>&nbsp;\u00e0 10 H : petite animation \u00e0 la cr\u00eache municipale OCEANE de Mo\u00eblan.<\/strong><\/div>\n<div><strong><span style=\"color: #33cccc;\">Mardi 12 mars&nbsp;<\/span>\u00e0 20 H 30 : r\u00e9p\u00e9tition du groupe TRAD \u00e0 Pont-Aven avec les danseurs et danseuses du cercle des Fleurs d\u2019ajonc.<\/strong><\/div>\n<div><strong><span style=\"color: #33cccc;\">Samedi 16 mars<\/span>&nbsp;\u00e0 14 H : stage danses bretonnes \u00e0 Clohars anim\u00e9 par Yann-Fanch Perroches ( 4 inscrits des MAV ).<\/strong><\/div>\n<div>\n<p><strong><span style=\"color: #33cccc;\">Samedi 2 mars 2013<\/span>&nbsp;<\/strong>:&nbsp;<a href=\"http:\/\/www.ouest-france.fr\/actu\/actuLocale_-Un-fest-noz-bien-orchestre-_29150-avd-20130304-64680750_actuLocale.Htmhttp:\/\/\">Fest noz et stage de danse bretonne (article Ouest-France)<\/a>&nbsp;organis\u00e9 par l&rsquo;association PREGOMP ASAMBLES \u00e0 l&rsquo;Ellipse.<\/p>\n<div>\n<dl id=\"\">\n<dt><img loading=\"lazy\" decoding=\"async\" src=\"http:\/\/www.ouest-france.fr\/of-photos\/2013\/03\/04\/qm_3716981_2_px_470_.jpg\" alt=\"\" width=\"470\" height=\"313\"><\/dt>\n<dd>\u00ab\u00a0Un fest-noz bien orchestr\u00e9\u00a0\u00bb &#8211; (photo Ouest-France)<\/dd>\n<\/dl>\n<\/div>\n<p><a href=\"https:\/\/www.moelan-a-vent.fr\/wp-content\/uploads\/2012\/01\/OF-6-mars-2013.jpg\">&nbsp;<\/a><span style=\"color: #33cccc;\"><strong>Jeudi 28 f\u00e9vrier<\/strong><\/span>&nbsp;: petite animation \u00e0 la maison de retraite de Mo\u00eblan, \u00e0 partir de 15 h.<\/p>\n<\/div>\n<div><span style=\"color: #33cccc;\"><strong>Dimanche 17 f\u00e9vrier<\/strong>&nbsp;<\/span>:&nbsp;&nbsp;Fest-deiz \u00e0 ELLIANT. Organis\u00e9 par l\u2019association musicale d\u2019Elliant MUSIQUES AU PAYS MELENIG.<a title=\"\" href=\"https:\/\/www.moelan-a-vent.fr\/wp-content\/gallery\/hors-page-galerie\/fest-deiz.jpg\"><img decoding=\"async\" src=\"https:\/\/www.moelan-a-vent.fr\/wp-content\/gallery\/hors-page-galerie\/thumbs\/thumbs_fest-deiz.jpg\" alt=\"fest-deiz\"><\/a><\/div>\n<div><strong><span style=\"color: #33cccc;\">Mardi 5 f\u00e9vrier<\/span>:<\/strong>&nbsp;animation \u00e0 la cr\u00eache parentale LES P\u2019TITS MALINS de CLOHARS-CARNOET.<\/div>\n<div><strong><span style=\"color: #33cccc;\">Vendredi 1er f\u00e9vrier<\/span>:&nbsp;<\/strong>animation de la soir\u00e9e cr\u00eapes organis\u00e9e par l\u2019association de parents d\u2019\u00e9l\u00e8ves du coll\u00e8ge Parc Ar C\u2019hoat de MOELAN- SUR- MER.<\/div>\n<div><strong><span style=\"color: #33cccc;\">mardi 22 janvier<\/span>:<\/strong>&nbsp;fest-noz vihan pour l\u2019association de danses-loisirs de PONT-AVEN.<\/div>\n<div>&nbsp;<\/div>\n<div><span style=\"text-decoration: underline;\"><span style=\"color: #ff6600;\"><strong>Autres animations :<\/strong><\/span><\/span><\/div>\n<div>\n<p style=\"text-align: center;\"><strong><span style=\"color: #33cccc;\">Samedi 22 juin&nbsp;<\/span>:<\/strong><\/p>\n<p style=\"text-align: center;\"><strong>C&rsquo;est bien \u00e0 17 heures \u00e0 la chapelle et \u00e0 21 h au port !<\/strong><\/p>\n<p style=\"text-align: center;\">&nbsp;<a href=\"http:\/\/www.ouest-france.fr\/actu\/actuLocale_-Le-programme-de-la-Fete-de-la-musique-_29150-avd-20130531-65259682_actuLocale.Htm\">F\u00eate de la musique<\/a>&nbsp;(article Ouest-France)&nbsp;&nbsp;: petit concert \u00e0 la chapelle Saint-Philibert<a title=\"\" href=\"https:\/\/www.moelan-a-vent.fr\/wp-content\/gallery\/informations\/dsc_5191.jpg\"><img decoding=\"async\" src=\"https:\/\/www.moelan-a-vent.fr\/wp-content\/gallery\/informations\/thumbs\/thumbs_dsc_5191.jpg\" alt=\"dsc_5191\"><\/a><\/p>\n<p style=\"text-align: center;\">et &nbsp;fest-noz sur le quai du port de Brigneau.<\/p>\n<p style=\"text-align: center;\">&nbsp; &nbsp; &nbsp; &nbsp; &nbsp; &nbsp; &nbsp; &nbsp; &nbsp; &nbsp; &nbsp; &nbsp; &nbsp; &nbsp; &nbsp; &nbsp; &nbsp; * * * * * * * * * * * * * * * * * * * * * * *<\/p>\n<p style=\"text-align: center;\"><span style=\"color: #33cccc;\"><strong>vendredi 21 juin<\/strong>&nbsp;:<\/span><\/p>\n<p style=\"text-align: center;\">Go\u00fbter de fin d&rsquo;ann\u00e9e au multi-accueil Oc\u00e9ane de Mo\u00eblan, \u00e0 partir de 17h30<\/p>\n<p style=\"text-align: center;\">Dani\u00e8le &amp; Georges seront au diato !<\/p>\n<p style=\"text-align: center;\"><span style=\"color: #33cccc;\"><strong>Samedi 8 juin&nbsp;:<\/strong><\/span><\/p>\n<p style=\"text-align: center;\">Animation du repas de la kermesse des \u00e9coles de Mo\u00eblan ( groupe TRAD )<\/p>\n<p style=\"text-align: center;\">* * * * * * * * * * * * * * * * * * * * * *<\/p>\n<p style=\"text-align: center;\"><span style=\"color: #33cccc;\"><strong>samedi 13 avril :&nbsp;<\/strong><\/span><\/p>\n<p style=\"text-align: center;\"><a href=\"http:\/\/www.ouest-france.fr\/actu\/actuLocale_-Justine-est-la-nouvelle-reine-des-Feurs-d-ajonc-_29217-avd-20130415-64960803_actuLocale.Htm\">Election de la reine des Fleurs d&rsquo;ajonc, Pont-Aven<\/a>&nbsp;(Article \u00ab\u00a0Ouest-France\u00a0\u00bb du 15 avril)<\/p>\n<p style=\"text-align: center;\">* * * * * * * * * * * * * * * * * * * * * *<\/p>\n<p style=\"text-align: center;\"><span style=\"color: #33cccc;\"><strong>Samedi 8 d\u00e9cembre<\/strong>:<\/span> &nbsp;<strong>T\u00e9l\u00e9thon<\/strong><\/p>\n<p style=\"text-align: center;\">Fest-deiz \u00e0 l\u2019Ellipse&nbsp;<a href=\"http:\/\/www.ouest-france.fr\/actu\/actuLocale_-Fest-deiz-et-soiree-dansante-au-Telethon-samedi-8-decembre-_29150-avd-20121105-63933514_actuLocale.Htm\">( Article Ouest-France du 5 novembre)<\/a><\/p>\n<p style=\"text-align: center;\">&nbsp;* * * * * * * * * * * * * * * * * * * * * *<\/p>\n<p style=\"text-align: center;\"><span style=\"color: #33cccc;\"><strong>Samedi 20 octobre<\/strong><\/span>&nbsp;: dans le cadre de la \u00ab\u00a0semaine bleue\u00a0\u00bb, &nbsp;fest-deiz par le groupe trad&rsquo; \u00e0 la maison de&nbsp;retraite&nbsp;de Mo\u00eblan, \u00e0 14h30.(<a href=\"http:\/\/www.ouest-france.fr\/actu\/actuLocale_-Gros-succes-du-fest-deiz-a-la-maison-de-retraite-_29150-avd-20121022-63842045_actuLocale.Htm\">article \u00ab\u00a0ouest-France\u00a0\u00bb 22 octobre<\/a>)<\/p>\n<p style=\"text-align: center;\">* * * * * * * * * * * * * * * * * * * * * *<\/p>\n<p style=\"text-align: center;\"><strong>&nbsp;<\/strong><\/p>\n<\/div>\n","protected":false},"excerpt":{"rendered":"<p>Vendredi 20 d\u00e9cembre&nbsp;\u00e0 10 H &nbsp;Dani\u00e8le et Georges animeront No\u00ebl \u00e0 la cr\u00e8che OCEANE de MOELAN-SUR-MER article \u00ab\u00a0le T\u00e9l\u00e9gramme\u00a0\u00bb du 30 d\u00e9cembre Mardi 17 d\u00e9cembre, &nbsp;\u00e0 14 h : animation \u00e0 la maison de retraite de Mo\u00eblan-sur-mer Mardi 17 d\u00e9cembre&nbsp;, &hellip; <a href=\"https:\/\/www.moelan-a-vent.fr\/?page_id=3112\">Continuer la lecture <span class=\"meta-nav\">&rarr;<\/span><\/a><\/p>\n","protected":false},"author":9,"featured_media":3117,"parent":23,"menu_order":19,"comment_status":"closed","ping_status":"open","template":"","meta":{"ngg_post_thumbnail":0,"footnotes":""},"class_list":["post-3112","page","type-page","status-publish","has-post-thumbnail","hentry"],"_links":{"self":[{"href":"https:\/\/www.moelan-a-vent.fr\/index.php?rest_route=\/wp\/v2\/pages\/3112","targetHints":{"allow":["GET"]}}],"collection":[{"href":"https:\/\/www.moelan-a-vent.fr\/index.php?rest_route=\/wp\/v2\/pages"}],"about":[{"href":"https:\/\/www.moelan-a-vent.fr\/index.php?rest_route=\/wp\/v2\/types\/page"}],"author":[{"embeddable":true,"href":"https:\/\/www.moelan-a-vent.fr\/index.php?rest_route=\/wp\/v2\/users\/9"}],"replies":[{"embeddable":true,"href":"https:\/\/www.moelan-a-vent.fr\/index.php?rest_route=%2Fwp%2Fv2%2Fcomments&post=3112"}],"version-history":[{"count":21,"href":"https:\/\/www.moelan-a-vent.fr\/index.php?rest_route=\/wp\/v2\/pages\/3112\/revisions"}],"predecessor-version":[{"id":13617,"href":"https:\/\/www.moelan-a-vent.fr\/index.php?rest_route=\/wp\/v2\/pages\/3112\/revisions\/13617"}],"up":[{"embeddable":true,"href":"https:\/\/www.moelan-a-vent.fr\/index.php?rest_route=\/wp\/v2\/pages\/23"}],"wp:featuredmedia":[{"embeddable":true,"href":"https:\/\/www.moelan-a-vent.fr\/index.php?rest_route=\/wp\/v2\/media\/3117"}],"wp:attachment":[{"href":"https:\/\/www.moelan-a-vent.fr\/index.php?rest_route=%2Fwp%2Fv2%2Fmedia&parent=3112"}],"curies":[{"name":"wp","href":"https:\/\/api.w.org\/{rel}","templated":true}]}}